Revonzy Mini Shell

Revonzy Mini Shell

Şuanki Dizin: /home/wwwdreamtechnolo/access-logs/
Dosya Yükle :
Şuanki Dosya : /home/wwwdreamtechnolo/access-logs/lbpmsolapur.org.dreamtechnology.co.in-ssl_log

52.167.144.150 - - [04/Mar/2025:17:42:07 +0530] "GET /admin/images/7.1.1-Final.pdf HTTP/1.1" 404 - "-" "Mozilla/5.0 AppleWebKit/537.36 (KHTML, like Gecko; compatible; bingbot/2.0; +http://www.bing.com/bingbot.htm) Chrome/116.0.1938.76 Safari/537.36"
51.222.253.15 - - [04/Mar/2025:17:44:04 +0530] "GET /gallery.php HTTP/1.1" 200 183524 "-" "Mozilla/5.0 (compatible; AhrefsBot/7.0; +http://ahrefs.com/robot/)"
136.227.166.231 - - [04/Mar/2025:17:46:28 +0530] "HEAD / HTTP/1.1" 200 - "-" "Mozilla/5.0 (X11; Linux i686; rv:1.9.5.20) Gecko/8464-07-15 07:44:33.670532 Firefox/9.0"
54.36.148.141 - - [04/Mar/2025:18:16:30 +0530] "GET /junior-application-form.php HTTP/1.1" 200 28542 "-" "Mozilla/5.0 (compatible; AhrefsBot/7.0; +http://ahrefs.com/robot/)"
45.148.10.80 - - [04/Mar/2025:18:17:14 +0530] "GET /.git/config HTTP/1.1" 404 - "-" "Mozilla/5.0 (compatible; Konqueror/3.5; Linux; en_US) KHTML/3.5.6 (like Gecko) (Kubuntu)"
45.148.10.80 - - [04/Mar/2025:18:17:14 +0530] "GET /.git/config HTTP/1.1" 404 - "-" "UCWEB/8.8 (iPhone; CPU OS_6; en-US)AppleWebKit/534.1 U3/3.0.0 Mobile"
156.59.198.136 - - [04/Mar/2025:18:17:24 +0530] "GET /admin/dvv_clarification_main/1%202%202%20Attendance%20Final.pdf HTTP/1.1" 404 - "-" "Mozilla/5.0 (Linux; Android 5.0) AppleWebKit/537.36 (KHTML, like Gecko) Mobile Safari/537.36 (compatible; Bytespider; spider-feedback@bytedance.com)"
66.249.66.201 - - [04/Mar/2025:18:26:41 +0530] "GET /research_work/1riMcBEY1h.pdf HTTP/1.1" 200 1856302 "-" "Mozilla/5.0 (Linux; Android 6.0.1; Nexus 5X Build/MMB29P) AppleWebKit/537.36 (KHTML, like Gecko) Chrome/133.0.6943.53 Mobile Safari/537.36 (compatible; Googlebot/2.1; +http://www.google.com/bot.html)"
152.58.21.12 - - [04/Mar/2025:18:32:07 +0530] "GET /css/style.css HTTP/1.1" 200 21531 "-" "Mozilla/5.0 (Linux; Android 10; K) AppleWebKit/537.36 (KHTML, like Gecko) Chrome/133.0.0.0 Mobile Safari/537.36"
152.58.21.12 - - [04/Mar/2025:18:32:07 +0530] "GET /css/stylesheet.css HTTP/1.1" 200 20375 "-" "Mozilla/5.0 (Linux; Android 10; K) AppleWebKit/537.36 (KHTML, like Gecko) Chrome/133.0.0.0 Mobile Safari/537.36"
152.58.21.12 - - [04/Mar/2025:18:32:07 +0530] "GET /styles.css HTTP/1.1" 200 3474 "-" "Mozilla/5.0 (Linux; Android 10; K) AppleWebKit/537.36 (KHTML, like Gecko) Chrome/133.0.0.0 Mobile Safari/537.36"
152.58.21.12 - - [04/Mar/2025:18:32:07 +0530] "GET / HTTP/1.1" 200 144508 "https://www.google.com/" "Mozilla/5.0 (Linux; Android 10; K) AppleWebKit/537.36 (KHTML, like Gecko) Chrome/133.0.0.0 Mobile Safari/537.36"
152.58.21.12 - - [04/Mar/2025:18:32:07 +0530] "GET /demo.css HTTP/1.1" 200 3038 "https://www.lbpmsolapur.org/" "Mozilla/5.0 (Linux; Android 10; K) AppleWebKit/537.36 (KHTML, like Gecko) Chrome/133.0.0.0 Mobile Safari/537.36"
152.58.21.12 - - [04/Mar/2025:18:32:07 +0530] "GET /js/jquery-1.7.m15in.js HTTP/1.1" 404 - "https://www.lbpmsolapur.org/" "Mozilla/5.0 (Linux; Android 10; K) AppleWebKit/537.36 (KHTML, like Gecko) Chrome/133.0.0.0 Mobile Safari/537.36"
152.58.21.12 - - [04/Mar/2025:18:32:07 +0530] "GET /js/jquery.easing.1.3.js HTTP/1.1" 200 3515 "https://www.lbpmsolapur.org/" "Mozilla/5.0 (Linux; Android 10; K) AppleWebKit/537.36 (KHTML, like Gecko) Chrome/133.0.0.0 Mobile Safari/537.36"
152.58.21.12 - - [04/Mar/2025:18:32:07 +0530] "GET /js/tms-0.4.1.js HTTP/1.1" 200 22197 "https://www.lbpmsolapur.org/" "Mozilla/5.0 (Linux; Android 10; K) AppleWebKit/537.36 (KHTML, like Gecko) Chrome/133.0.0.0 Mobile Safari/537.36"
152.58.21.12 - - [04/Mar/2025:18:32:07 +0530] "GET /js/jquery.flexslider-min.js HTTP/1.1" 200 7904 "https://www.lbpmsolapur.org/" "Mozilla/5.0 (Linux; Android 10; K) AppleWebKit/537.36 (KHTML, like Gecko) Chrome/133.0.0.0 Mobile Safari/537.36"
152.58.21.12 - - [04/Mar/2025:18:32:07 +0530] "GET /images/karmveer-bhaurao-patil.jpg HTTP/1.1" 200 17132 "https://www.lbpmsolapur.org/" "Mozilla/5.0 (Linux; Android 10; K) AppleWebKit/537.36 (KHTML, like Gecko) Chrome/133.0.0.0 Mobile Safari/537.36"
152.58.21.12 - - [04/Mar/2025:18:32:07 +0530] "GET /images/Laxmibai%20Patil.jpg HTTP/1.1" 200 35935 "https://www.lbpmsolapur.org/" "Mozilla/5.0 (Linux; Android 10; K) AppleWebKit/537.36 (KHTML, like Gecko) Chrome/133.0.0.0 Mobile Safari/537.36"
152.58.21.12 - - [04/Mar/2025:18:32:07 +0530] "GET /images/rayat-shikshan-sanstha-tree.gif HTTP/1.1" 200 10590 "https://www.lbpmsolapur.org/" "Mozilla/5.0 (Linux; Android 10; K) AppleWebKit/537.36 (KHTML, like Gecko) Chrome/133.0.0.0 Mobile Safari/537.36"
152.58.21.12 - - [04/Mar/2025:18:32:07 +0530] "GET /images/home-icon-new.png HTTP/1.1" 200 16229 "https://www.lbpmsolapur.org/" "Mozilla/5.0 (Linux; Android 10; K) AppleWebKit/537.36 (KHTML, like Gecko) Chrome/133.0.0.0 Mobile Safari/537.36"
152.58.21.12 - - [04/Mar/2025:18:32:08 +0530] "GET /jssor.slider.min.js HTTP/1.1" 200 50631 "https://www.lbpmsolapur.org/" "Mozilla/5.0 (Linux; Android 10; K) AppleWebKit/537.36 (KHTML, like Gecko) Chrome/133.0.0.0 Mobile Safari/537.36"
152.58.21.12 - - [04/Mar/2025:18:32:08 +0530] "GET /images/bgnoise_lg.png HTTP/1.1" 404 - "https://www.lbpmsolapur.org/demo.css" "Mozilla/5.0 (Linux; Android 10; K) AppleWebKit/537.36 (KHTML, like Gecko) Chrome/133.0.0.0 Mobile Safari/537.36"
152.58.21.12 - - [04/Mar/2025:18:32:08 +0530] "GET /slider_images/tCCnjDP0HI.jpeg HTTP/1.1" 200 171686 "https://www.lbpmsolapur.org/" "Mozilla/5.0 (Linux; Android 10; K) AppleWebKit/537.36 (KHTML, like Gecko) Chrome/133.0.0.0 Mobile Safari/537.36"
152.58.21.12 - - [04/Mar/2025:18:32:08 +0530] "GET /slider_images/wScO0bjMZg.jpeg HTTP/1.1" 200 157883 "https://www.lbpmsolapur.org/" "Mozilla/5.0 (Linux; Android 10; K) AppleWebKit/537.36 (KHTML, like Gecko) Chrome/133.0.0.0 Mobile Safari/537.36"
152.58.21.12 - - [04/Mar/2025:18:32:08 +0530] "GET /images/pngtree-yellow-star-clipart-vector-png-image_6580756.png HTTP/1.1" 200 17890 "https://www.lbpmsolapur.org/" "Mozilla/5.0 (Linux; Android 10; K) AppleWebKit/537.36 (KHTML, like Gecko) Chrome/133.0.0.0 Mobile Safari/537.36"
152.58.21.12 - - [04/Mar/2025:18:32:08 +0530] "GET /images/Principa%20Photo.jpg HTTP/1.1" 200 146240 "https://www.lbpmsolapur.org/" "Mozilla/5.0 (Linux; Android 10; K) AppleWebKit/537.36 (KHTML, like Gecko) Chrome/133.0.0.0 Mobile Safari/537.36"
152.58.21.12 - - [04/Mar/2025:18:32:08 +0530] "GET /images/target.png HTTP/1.1" 200 26965 "https://www.lbpmsolapur.org/" "Mozilla/5.0 (Linux; Android 10; K) AppleWebKit/537.36 (KHTML, like Gecko) Chrome/133.0.0.0 Mobile Safari/537.36"
152.58.21.12 - - [04/Mar/2025:18:32:08 +0530] "GET /images/vision.png HTTP/1.1" 200 34183 "https://www.lbpmsolapur.org/" "Mozilla/5.0 (Linux; Android 10; K) AppleWebKit/537.36 (KHTML, like Gecko) Chrome/133.0.0.0 Mobile Safari/537.36"
152.58.21.12 - - [04/Mar/2025:18:32:08 +0530] "GET /images/yt.png HTTP/1.1" 200 23637 "https://www.lbpmsolapur.org/" "Mozilla/5.0 (Linux; Android 10; K) AppleWebKit/537.36 (KHTML, like Gecko) Chrome/133.0.0.0 Mobile Safari/537.36"
152.58.21.12 - - [04/Mar/2025:18:32:08 +0530] "GET /images/star.png HTTP/1.1" 200 15576 "https://www.lbpmsolapur.org/" "Mozilla/5.0 (Linux; Android 10; K) AppleWebKit/537.36 (KHTML, like Gecko) Chrome/133.0.0.0 Mobile Safari/537.36"
152.58.21.12 - - [04/Mar/2025:18:32:08 +0530] "GET /slider_images/wV0vk3pI6k.jpeg HTTP/1.1" 200 174881 "https://www.lbpmsolapur.org/" "Mozilla/5.0 (Linux; Android 10; K) AppleWebKit/537.36 (KHTML, like Gecko) Chrome/133.0.0.0 Mobile Safari/537.36"
152.58.21.12 - - [04/Mar/2025:18:32:08 +0530] "GET /slider_images/h6a4aqiArS.jpg HTTP/1.1" 200 4134271 "https://www.lbpmsolapur.org/" "Mozilla/5.0 (Linux; Android 10; K) AppleWebKit/537.36 (KHTML, like Gecko) Chrome/133.0.0.0 Mobile Safari/537.36"
152.58.21.12 - - [04/Mar/2025:18:32:09 +0530] "GET /slider_images/S8IVjOjzGC.jpeg HTTP/1.1" 200 129717 "https://www.lbpmsolapur.org/" "Mozilla/5.0 (Linux; Android 10; K) AppleWebKit/537.36 (KHTML, like Gecko) Chrome/133.0.0.0 Mobile Safari/537.36"
152.58.21.12 - - [04/Mar/2025:18:32:09 +0530] "GET /slider_images/0PYHgL2mIW.jpg HTTP/1.1" 200 113893 "https://www.lbpmsolapur.org/" "Mozilla/5.0 (Linux; Android 10; K) AppleWebKit/537.36 (KHTML, like Gecko) Chrome/133.0.0.0 Mobile Safari/537.36"
152.58.21.12 - - [04/Mar/2025:18:32:09 +0530] "GET /slider_images/TH1xbelCub.jpg HTTP/1.1" 200 139094 "https://www.lbpmsolapur.org/" "Mozilla/5.0 (Linux; Android 10; K) AppleWebKit/537.36 (KHTML, like Gecko) Chrome/133.0.0.0 Mobile Safari/537.36"
152.58.21.12 - - [04/Mar/2025:18:32:08 +0530] "GET /slider_images/qdbRHfoAV6.jpg HTTP/1.1" 200 3545471 "https://www.lbpmsolapur.org/" "Mozilla/5.0 (Linux; Android 10; K) AppleWebKit/537.36 (KHTML, like Gecko) Chrome/133.0.0.0 Mobile Safari/537.36"
152.58.21.12 - - [04/Mar/2025:18:32:09 +0530] "GET /slider_images/lwMJqwfEd1.jpg HTTP/1.1" 200 107513 "https://www.lbpmsolapur.org/" "Mozilla/5.0 (Linux; Android 10; K) AppleWebKit/537.36 (KHTML, like Gecko) Chrome/133.0.0.0 Mobile Safari/537.36"
152.58.21.12 - - [04/Mar/2025:18:32:09 +0530] "GET /slider_images/ezedrzt0Ls.jpg HTTP/1.1" 200 176916 "https://www.lbpmsolapur.org/" "Mozilla/5.0 (Linux; Android 10; K) AppleWebKit/537.36 (KHTML, like Gecko) Chrome/133.0.0.0 Mobile Safari/537.36"
152.58.21.12 - - [04/Mar/2025:18:32:08 +0530] "GET /slider_images/CYfEURwG5D.jpg HTTP/1.1" 200 4198831 "https://www.lbpmsolapur.org/" "Mozilla/5.0 (Linux; Android 10; K) AppleWebKit/537.36 (KHTML, like Gecko) Chrome/133.0.0.0 Mobile Safari/537.36"
152.58.21.12 - - [04/Mar/2025:18:32:09 +0530] "GET /slider_images/51urrOpNC0.jpg HTTP/1.1" 200 109711 "https://www.lbpmsolapur.org/" "Mozilla/5.0 (Linux; Android 10; K) AppleWebKit/537.36 (KHTML, like Gecko) Chrome/133.0.0.0 Mobile Safari/537.36"
152.58.21.12 - - [04/Mar/2025:18:32:09 +0530] "GET /slider_images/xKV5QoREZN.jpg HTTP/1.1" 200 94294 "https://www.lbpmsolapur.org/" "Mozilla/5.0 (Linux; Android 10; K) AppleWebKit/537.36 (KHTML, like Gecko) Chrome/133.0.0.0 Mobile Safari/537.36"
152.58.21.12 - - [04/Mar/2025:18:32:09 +0530] "GET /slider_images/0gvPVU1Qd9.jpg HTTP/1.1" 200 82183 "https://www.lbpmsolapur.org/" "Mozilla/5.0 (Linux; Android 10; K) AppleWebKit/537.36 (KHTML, like Gecko) Chrome/133.0.0.0 Mobile Safari/537.36"
152.58.21.12 - - [04/Mar/2025:18:32:09 +0530] "GET /slider_images/KOvCqaOtMp.jpg HTTP/1.1" 200 84562 "https://www.lbpmsolapur.org/" "Mozilla/5.0 (Linux; Android 10; K) AppleWebKit/537.36 (KHTML, like Gecko) Chrome/133.0.0.0 Mobile Safari/537.36"
152.58.21.12 - - [04/Mar/2025:18:32:09 +0530] "GET /slider_images/lHBRkZxEj6.jpg HTTP/1.1" 200 97609 "https://www.lbpmsolapur.org/" "Mozilla/5.0 (Linux; Android 10; K) AppleWebKit/537.36 (KHTML, like Gecko) Chrome/133.0.0.0 Mobile Safari/537.36"
152.58.21.12 - - [04/Mar/2025:18:32:09 +0530] "GET /slider_images/B4JVQqtGIG.jpg HTTP/1.1" 200 104317 "https://www.lbpmsolapur.org/" "Mozilla/5.0 (Linux; Android 10; K) AppleWebKit/537.36 (KHTML, like Gecko) Chrome/133.0.0.0 Mobile Safari/537.36"
152.58.21.12 - - [04/Mar/2025:18:32:08 +0530] "GET /slider_images/daH9DaIilb.jpg HTTP/1.1" 200 4369838 "https://www.lbpmsolapur.org/" "Mozilla/5.0 (Linux; Android 10; K) AppleWebKit/537.36 (KHTML, like Gecko) Chrome/133.0.0.0 Mobile Safari/537.36"
152.58.21.12 - - [04/Mar/2025:18:32:08 +0530] "GET /slider_images/CCSWUUimBm.jpg HTTP/1.1" 200 4214442 "https://www.lbpmsolapur.org/" "Mozilla/5.0 (Linux; Android 10; K) AppleWebKit/537.36 (KHTML, like Gecko) Chrome/133.0.0.0 Mobile Safari/537.36"
152.58.21.12 - - [04/Mar/2025:18:32:10 +0530] "GET /slider_images/mKkPS440v9.jpg HTTP/1.1" 200 441608 "https://www.lbpmsolapur.org/" "Mozilla/5.0 (Linux; Android 10; K) AppleWebKit/537.36 (KHTML, like Gecko) Chrome/133.0.0.0 Mobile Safari/537.36"
152.58.21.12 - - [04/Mar/2025:18:32:10 +0530] "GET /images/company.png HTTP/1.1" 200 7416 "https://www.lbpmsolapur.org/" "Mozilla/5.0 (Linux; Android 10; K) AppleWebKit/537.36 (KHTML, like Gecko) Chrome/133.0.0.0 Mobile Safari/537.36"
152.58.21.12 - - [04/Mar/2025:18:32:10 +0530] "GET /images/graduating-student.png HTTP/1.1" 200 22854 "https://www.lbpmsolapur.org/" "Mozilla/5.0 (Linux; Android 10; K) AppleWebKit/537.36 (KHTML, like Gecko) Chrome/133.0.0.0 Mobile Safari/537.36"
152.58.21.12 - - [04/Mar/2025:18:32:10 +0530] "GET /images/education.png HTTP/1.1" 200 29839 "https://www.lbpmsolapur.org/" "Mozilla/5.0 (Linux; Android 10; K) AppleWebKit/537.36 (KHTML, like Gecko) Chrome/133.0.0.0 Mobile Safari/537.36"
152.58.21.12 - - [04/Mar/2025:18:32:10 +0530] "GET /images/developer.png HTTP/1.1" 200 44667 "https://www.lbpmsolapur.org/" "Mozilla/5.0 (Linux; Android 10; K) AppleWebKit/537.36 (KHTML, like Gecko) Chrome/133.0.0.0 Mobile Safari/537.36"
152.58.21.12 - - [04/Mar/2025:18:32:08 +0530] "GET /slider_images/PtqBg4wDP4.jpg HTTP/1.1" 200 4122193 "https://www.lbpmsolapur.org/" "Mozilla/5.0 (Linux; Android 10; K) AppleWebKit/537.36 (KHTML, like Gecko) Chrome/133.0.0.0 Mobile Safari/537.36"
152.58.21.12 - - [04/Mar/2025:18:32:10 +0530] "GET /images/learning.png HTTP/1.1" 200 33918 "https://www.lbpmsolapur.org/" "Mozilla/5.0 (Linux; Android 10; K) AppleWebKit/537.36 (KHTML, like Gecko) Chrome/133.0.0.0 Mobile Safari/537.36"
152.58.21.12 - - [04/Mar/2025:18:32:10 +0530] "GET /images/infra.jpeg HTTP/1.1" 200 301229 "https://www.lbpmsolapur.org/" "Mozilla/5.0 (Linux; Android 10; K) AppleWebKit/537.36 (KHTML, like Gecko) Chrome/133.0.0.0 Mobile Safari/537.36"
152.58.21.12 - - [04/Mar/2025:18:32:10 +0530] "GET /images/sports.png HTTP/1.1" 200 230395 "https://www.lbpmsolapur.org/" "Mozilla/5.0 (Linux; Android 10; K) AppleWebKit/537.36 (KHTML, like Gecko) Chrome/133.0.0.0 Mobile Safari/537.36"
152.58.21.12 - - [04/Mar/2025:18:32:10 +0530] "GET /images/library.jpeg HTTP/1.1" 200 1076064 "https://www.lbpmsolapur.org/" "Mozilla/5.0 (Linux; Android 10; K) AppleWebKit/537.36 (KHTML, like Gecko) Chrome/133.0.0.0 Mobile Safari/537.36"
152.58.21.12 - - [04/Mar/2025:18:32:10 +0530] "GET /images/canteen.jpeg HTTP/1.1" 200 184714 "https://www.lbpmsolapur.org/" "Mozilla/5.0 (Linux; Android 10; K) AppleWebKit/537.36 (KHTML, like Gecko) Chrome/133.0.0.0 Mobile Safari/537.36"
152.58.21.12 - - [04/Mar/2025:18:32:10 +0530] "GET /img/fb.png HTTP/1.1" 200 2100 "https://www.lbpmsolapur.org/" "Mozilla/5.0 (Linux; Android 10; K) AppleWebKit/537.36 (KHTML, like Gecko) Chrome/133.0.0.0 Mobile Safari/537.36"
152.58.21.12 - - [04/Mar/2025:18:32:10 +0530] "GET /img/twitter.png HTTP/1.1" 200 3278 "https://www.lbpmsolapur.org/" "Mozilla/5.0 (Linux; Android 10; K) AppleWebKit/537.36 (KHTML, like Gecko) Chrome/133.0.0.0 Mobile Safari/537.36"
152.58.21.12 - - [04/Mar/2025:18:32:10 +0530] "GET /img/insta.jpg HTTP/1.1" 200 5295 "https://www.lbpmsolapur.org/" "Mozilla/5.0 (Linux; Android 10; K) AppleWebKit/537.36 (KHTML, like Gecko) Chrome/133.0.0.0 Mobile Safari/537.36"
152.58.21.12 - - [04/Mar/2025:18:32:10 +0530] "GET /img/googleplus.png HTTP/1.1" 200 3840 "https://www.lbpmsolapur.org/" "Mozilla/5.0 (Linux; Android 10; K) AppleWebKit/537.36 (KHTML, like Gecko) Chrome/133.0.0.0 Mobile Safari/537.36"
152.58.21.12 - - [04/Mar/2025:18:32:10 +0530] "GET /img/linkedin.png HTTP/1.1" 200 3039 "https://www.lbpmsolapur.org/" "Mozilla/5.0 (Linux; Android 10; K) AppleWebKit/537.36 (KHTML, like Gecko) Chrome/133.0.0.0 Mobile Safari/537.36"
152.58.21.12 - - [04/Mar/2025:18:32:10 +0530] "GET /slider_images/ia9WghQ2vl.jpg HTTP/1.1" 200 3953710 "https://www.lbpmsolapur.org/" "Mozilla/5.0 (Linux; Android 10; K) AppleWebKit/537.36 (KHTML, like Gecko) Chrome/133.0.0.0 Mobile Safari/537.36"
152.58.21.12 - - [04/Mar/2025:18:32:11 +0530] "GET /images/next.png HTTP/1.1" 200 1088 "https://www.lbpmsolapur.org/styles.css" "Mozilla/5.0 (Linux; Android 10; K) AppleWebKit/537.36 (KHTML, like Gecko) Chrome/133.0.0.0 Mobile Safari/537.36"
152.58.21.12 - - [04/Mar/2025:18:32:11 +0530] "GET /images/prev.png HTTP/1.1" 200 1091 "https://www.lbpmsolapur.org/styles.css" "Mozilla/5.0 (Linux; Android 10; K) AppleWebKit/537.36 (KHTML, like Gecko) Chrome/133.0.0.0 Mobile Safari/537.36"
152.58.21.12 - - [04/Mar/2025:18:32:11 +0530] "GET /favicon.ico HTTP/1.1" 404 - "https://www.lbpmsolapur.org/" "Mozilla/5.0 (Linux; Android 10; K) AppleWebKit/537.36 (KHTML, like Gecko) Chrome/133.0.0.0 Mobile Safari/537.36"
152.58.21.12 - - [04/Mar/2025:18:33:26 +0530] "GET /pdf-files/AISHE.pdf HTTP/1.1" 200 4863693 "https://www.lbpmsolapur.org/" "Mozilla/5.0 (Linux; Android 10; K) AppleWebKit/537.36 (KHTML, like Gecko) Chrome/133.0.0.0 Mobile Safari/537.36"
152.58.21.12 - - [04/Mar/2025:18:33:26 +0530] "GET /pdf-files/AISHE.pdf HTTP/1.1" 206 1621231 "https://www.lbpmsolapur.org/" "Mozilla/5.0 (Linux; Android 10; K) AppleWebKit/537.36 (KHTML, like Gecko) Chrome/133.0.0.0 Mobile Safari/537.36"
152.58.21.12 - - [04/Mar/2025:18:33:26 +0530] "GET /pdf-files/AISHE.pdf HTTP/1.1" 206 3242462 "https://www.lbpmsolapur.org/" "Mozilla/5.0 (Linux; Android 10; K) AppleWebKit/537.36 (KHTML, like Gecko) Chrome/133.0.0.0 Mobile Safari/537.36"
66.249.66.76 - - [04/Mar/2025:18:38:45 +0530] "GET /admin/file_photo/Report%20of%20Extension%20and%20Outreach%20Program%202018-19.pdf-bQbmj.pdf HTTP/1.1" 200 28206633 "-" "Mozilla/5.0 (Linux; Android 6.0.1; Nexus 5X Build/MMB29P) AppleWebKit/537.36 (KHTML, like Gecko) Chrome/133.0.6943.53 Mobile Safari/537.36 (compatible; Googlebot/2.1; +http://www.google.com/bot.html)"
66.249.66.77 - - [04/Mar/2025:18:42:58 +0530] "GET /admin/images/4.2.3.pdf HTTP/1.1" 404 - "-" "Mozilla/5.0 (Linux; Android 6.0.1; Nexus 5X Build/MMB29P) AppleWebKit/537.36 (KHTML, like Gecko) Chrome/133.0.6943.53 Mobile Safari/537.36 (compatible; Googlebot/2.1; +http://www.google.com/bot.html)"
54.36.148.122 - - [04/Mar/2025:18:46:22 +0530] "GET /application-form.php HTTP/1.1" 200 34537 "-" "Mozilla/5.0 (compatible; AhrefsBot/7.0; +http://ahrefs.com/robot/)"
59.96.223.154 - - [04/Mar/2025:18:46:34 +0530] "GET / HTTP/1.1" 200 144508 "https://www.google.com/" "Mozilla/5.0 (Windows NT 10.0; Win64; x64) AppleWebKit/537.36 (KHTML, like Gecko) Chrome/109.0.0.0 Safari/537.36"
59.96.223.154 - - [04/Mar/2025:18:46:34 +0530] "GET /js/jquery-1.7.m15in.js HTTP/1.1" 404 - "https://www.lbpmsolapur.org/" "Mozilla/5.0 (Windows NT 10.0; Win64; x64) AppleWebKit/537.36 (KHTML, like Gecko) Chrome/109.0.0.0 Safari/537.36"
59.96.223.154 - - [04/Mar/2025:18:46:34 +0530] "GET /images/bgnoise_lg.png HTTP/1.1" 404 - "https://www.lbpmsolapur.org/demo.css" "Mozilla/5.0 (Windows NT 10.0; Win64; x64) AppleWebKit/537.36 (KHTML, like Gecko) Chrome/109.0.0.0 Safari/537.36"
59.96.223.154 - - [04/Mar/2025:18:46:37 +0530] "GET /favicon.ico HTTP/1.1" 404 - "https://www.lbpmsolapur.org/" "Mozilla/5.0 (Windows NT 10.0; Win64; x64) AppleWebKit/537.36 (KHTML, like Gecko) Chrome/109.0.0.0 Safari/537.36"
40.77.167.65 - - [04/Mar/2025:18:49:19 +0530] "GET /facultyprofile.php HTTP/1.1" 200 32189 "-" "Mozilla/5.0 AppleWebKit/537.36 (KHTML, like Gecko; compatible; bingbot/2.0; +http://www.bing.com/bingbot.htm) Chrome/116.0.1938.76 Safari/537.36"
66.249.66.77 - - [04/Mar/2025:18:54:37 +0530] "GET /admin/file_photo/List%20of%20Extension%20and%20Outreach%20Programs%20during%20Assessment%20Period.pdf-nyDEe.pdf HTTP/1.1" 200 2803602 "-" "Mozilla/5.0 (Linux; Android 6.0.1; Nexus 5X Build/MMB29P) AppleWebKit/537.36 (KHTML, like Gecko) Chrome/133.0.6943.53 Mobile Safari/537.36 (compatible; Googlebot/2.1; +http://www.google.com/bot.html)"
66.249.66.76 - - [04/Mar/2025:19:01:44 +0530] "GET / HTTP/1.1" 200 144508 "-" "Mozilla/5.0 (compatible; Googlebot/2.1; +http://www.google.com/bot.html)"
66.249.66.77 - - [04/Mar/2025:19:01:47 +0530] "GET /js/jquery-1.7.m15in.js HTTP/1.1" 404 - "https://www.lbpmsolapur.org/" "Mozilla/5.0 AppleWebKit/537.36 (KHTML, like Gecko; compatible; Googlebot/2.1; +http://www.google.com/bot.html) Chrome/133.0.6943.126 Safari/537.36"
66.249.66.76 - - [04/Mar/2025:19:11:54 +0530] "GET /admin/file_photo/Report%20of%20Extension%20and%20Outreach%20Program%202021-22.pdf-nN6Gq.pdf HTTP/1.1" 200 30340672 "-" "Mozilla/5.0 (Linux; Android 6.0.1; Nexus 5X Build/MMB29P) AppleWebKit/537.36 (KHTML, like Gecko) Chrome/133.0.6943.53 Mobile Safari/537.36 (compatible; Googlebot/2.1; +http://www.google.com/bot.html)"
193.23.3.90 - - [04/Mar/2025:19:13:20 +0530] "GET /.env HTTP/1.1" 401 53 "-" "python-requests/2.26.0"
193.23.3.90 - - [04/Mar/2025:19:13:21 +0530] "GET / HTTP/1.1" 401 53 "-" "python-requests/2.26.0"
66.249.66.200 - - [04/Mar/2025:19:14:03 +0530] "GET / HTTP/1.1" 200 144508 "-" "Mozilla/5.0 (compatible; Googlebot/2.1; +http://www.google.com/bot.html)"
66.249.66.200 - - [04/Mar/2025:19:14:07 +0530] "GET /js/jquery-1.7.m15in.js HTTP/1.1" 404 - "https://lbpmsolapur.org/" "Mozilla/5.0 AppleWebKit/537.36 (KHTML, like Gecko; compatible; Googlebot/2.1; +http://www.google.com/bot.html) Chrome/133.0.6943.126 Safari/537.36"
54.36.148.198 - - [04/Mar/2025:19:16:32 +0530] "GET /admin/supporting_document_4/?C=M;O=A HTTP/1.1" 200 24066 "-" "Mozilla/5.0 (compatible; AhrefsBot/7.0; +http://ahrefs.com/robot/)"
192.99.15.34 - - [04/Mar/2025:19:18:04 +0530] "GET /robots.txt HTTP/1.1" 404 - "-" "Mozilla/5.0 (compatible; MJ12bot/v1.4.8; http://mj12bot.com/)"
192.99.15.34 - - [04/Mar/2025:19:18:06 +0530] "GET /admin/dvv_clarification_main/2.2.1%20Student%20%E2%80%93%20Full%20time%20Teacher%20Ratio.pdf HTTP/1.1" 200 598306 "-" "Mozilla/5.0 (compatible; MJ12bot/v1.4.8; http://mj12bot.com/)"
156.59.198.136 - - [04/Mar/2025:19:20:42 +0530] "GET /admin/images/AQAR%202.3.1-.pdf HTTP/1.1" 404 - "-" "Mozilla/5.0 (Linux; Android 5.0) AppleWebKit/537.36 (KHTML, like Gecko) Mobile Safari/537.36 (compatible; Bytespider; spider-feedback@bytedance.com)"
66.249.66.78 - - [04/Mar/2025:19:28:34 +0530] "GET /admin/file_photo/Report%20of%20Extension%20and%20Outreach%20Program%202020-21.pdf-NOZdN.pdf HTTP/1.1" 200 14158328 "-" "Mozilla/5.0 (Linux; Android 6.0.1; Nexus 5X Build/MMB29P) AppleWebKit/537.36 (KHTML, like Gecko) Chrome/133.0.6943.53 Mobile Safari/537.36 (compatible; Googlebot/2.1; +http://www.google.com/bot.html)"
161.77.134.96 - - [04/Mar/2025:19:33:23 +0530] "GET / HTTP/1.1" 200 144508 "-" "Apache-HttpClient/5.1.4 (Java/11.0.18)"
66.249.66.78 - - [04/Mar/2025:19:39:45 +0530] "GET /admin/file_photo/1%20Master%20Plan%20of%20College.pdf-HXqm1.pdf HTTP/1.1" 200 7449425 "-" "Mozilla/5.0 (Linux; Android 6.0.1; Nexus 5X Build/MMB29P) AppleWebKit/537.36 (KHTML, like Gecko) Chrome/133.0.6943.53 Mobile Safari/537.36 (compatible; Googlebot/2.1; +http://www.google.com/bot.html)"
66.249.66.200 - - [04/Mar/2025:19:51:48 +0530] "GET /js/jquery-1.7.m15in.js HTTP/1.1" 404 - "http://www.lbpmsolapur.org/" "Mozilla/5.0 (Linux; Android 6.0.1; Nexus 5X Build/MMB29P) AppleWebKit/537.36 (KHTML, like Gecko) Chrome/133.0.6943.126 Mobile Safari/537.36 (compatible; Googlebot/2.1; +http://www.google.com/bot.html)"
156.59.198.136 - - [04/Mar/2025:19:51:59 +0530] "GET /admin/images/6.3.5%20Final.pdf HTTP/1.1" 404 - "-" "Mozilla/5.0 (Linux; Android 5.0) AppleWebKit/537.36 (KHTML, like Gecko) Mobile Safari/537.36 (compatible; Bytespider; spider-feedback@bytedance.com)"
40.77.167.7 - - [04/Mar/2025:19:55:24 +0530] "GET /teachingmethodology.php HTTP/1.1" 200 32171 "-" "Mozilla/5.0 AppleWebKit/537.36 (KHTML, like Gecko; compatible; bingbot/2.0; +http://www.bing.com/bingbot.htm) Chrome/116.0.1938.76 Safari/537.36"
40.77.167.247 - - [04/Mar/2025:19:57:45 +0530] "GET /library-thesis.php HTTP/1.1" 200 32788 "-" "Mozilla/5.0 AppleWebKit/537.36 (KHTML, like Gecko; compatible; bingbot/2.0; +http://www.bing.com/bingbot.htm) Chrome/116.0.1938.76 Safari/537.36"
40.77.167.247 - - [04/Mar/2025:19:58:04 +0530] "GET /js/jquery.easing.1.3.js HTTP/1.1" 200 3515 "-" "Mozilla/5.0 AppleWebKit/537.36 (KHTML, like Gecko; compatible; bingbot/2.0; +http://www.bing.com/bingbot.htm) Chrome/116.0.1938.76 Safari/537.36"
40.77.167.65 - - [04/Mar/2025:19:58:09 +0530] "GET /css/sidemenu.css HTTP/1.1" 200 181 "-" "Mozilla/5.0 AppleWebKit/537.36 (KHTML, like Gecko; compatible; bingbot/2.0; +http://www.bing.com/bingbot.htm) Chrome/116.0.1938.76 Safari/537.36"
40.77.167.65 - - [04/Mar/2025:19:58:09 +0530] "GET /css/stylesheet.css HTTP/1.1" 200 20375 "-" "Mozilla/5.0 AppleWebKit/537.36 (KHTML, like Gecko; compatible; bingbot/2.0; +http://www.bing.com/bingbot.htm) Chrome/116.0.1938.76 Safari/537.36"
40.77.167.65 - - [04/Mar/2025:19:58:10 +0530] "GET /js/jquery-1.7.min.js HTTP/1.1" 200 94025 "-" "Mozilla/5.0 AppleWebKit/537.36 (KHTML, like Gecko; compatible; bingbot/2.0; +http://www.bing.com/bingbot.htm) Chrome/116.0.1938.76 Safari/537.36"
40.77.167.65 - - [04/Mar/2025:19:58:10 +0530] "GET /js/tms-0.4.1.js HTTP/1.1" 200 22197 "-" "Mozilla/5.0 AppleWebKit/537.36 (KHTML, like Gecko; compatible; bingbot/2.0; +http://www.bing.com/bingbot.htm) Chrome/116.0.1938.76 Safari/537.36"
66.249.66.78 - - [04/Mar/2025:20:00:01 +0530] "GET / HTTP/1.1" 200 144508 "-" "Mozilla/5.0 (compatible; Googlebot/2.1; +http://www.google.com/bot.html)"
66.249.66.76 - - [04/Mar/2025:20:00:07 +0530] "GET /js/jquery-1.7.m15in.js HTTP/1.1" 404 - "https://www.lbpmsolapur.org/" "Mozilla/5.0 AppleWebKit/537.36 (KHTML, like Gecko; compatible; Googlebot/2.1; +http://www.google.com/bot.html) Chrome/133.0.6943.126 Safari/537.36"
66.249.66.202 - - [04/Mar/2025:20:10:06 +0530] "GET /gallery/gzk3IO30iG.jpg HTTP/1.1" 200 95298 "-" "Googlebot-Image/1.0"
13.83.167.128 - - [04/Mar/2025:20:10:49 +0530] "GET /dept_pdf/DEPARTMENT%20OF%20ENGLISH.pdf HTTP/1.1" 200 171428 "-" "Mozilla/5.0 AppleWebKit/537.36 (KHTML, like Gecko); compatible; ChatGPT-User/1.0; +https://openai.com/bot"
51.8.102.166 - - [04/Mar/2025:20:11:18 +0530] "GET /robots.txt HTTP/1.1" 404 - "-" "Mozilla/5.0 (Macintosh; Intel Mac OS X 10_15_7) AppleWebKit/537.36 (KHTML, like Gecko) Chrome/131.0.0.0 Safari/537.36; compatible; OAI-SearchBot/1.0; +https://openai.com/searchbot"
66.249.66.201 - - [04/Mar/2025:20:14:05 +0530] "GET / HTTP/1.1" 200 144508 "-" "Mozilla/5.0 (compatible; Googlebot/2.1; +http://www.google.com/bot.html)"
66.249.66.202 - - [04/Mar/2025:20:14:07 +0530] "GET /js/jquery-1.7.m15in.js HTTP/1.1" 404 - "https://lbpmsolapur.org/" "Mozilla/5.0 AppleWebKit/537.36 (KHTML, like Gecko; compatible; Googlebot/2.1; +http://www.google.com/bot.html) Chrome/133.0.6943.126 Safari/537.36"
156.59.198.135 - - [04/Mar/2025:20:15:55 +0530] "GET /admin/supporting_document_4/Cover%20Page%206.2.2%20QnM%20-%20Website%202.pdf HTTP/1.1" 404 - "-" "Mozilla/5.0 (Linux; Android 5.0) AppleWebKit/537.36 (KHTML, like Gecko) Mobile Safari/537.36 (compatible; Bytespider; spider-feedback@bytedance.com)"
156.59.198.135 - - [04/Mar/2025:20:16:43 +0530] "GET /admin/dvv_clarification_main/2.4.2%20Percentage%20of%20full%20time%20teachers%20with%20NET%20SET%20Ph%20D%20during%20the%20last%20five%20years.pdf HTTP/1.1" 404 - "-" "Mozilla/5.0 (Linux; Android 5.0) AppleWebKit/537.36 (KHTML, like Gecko) Mobile Safari/537.36 (compatible; Bytespider; spider-feedback@bytedance.com)"
66.249.66.78 - - [04/Mar/2025:20:21:35 +0530] "GET /admin/file_photo/e%20governance%20Expenditure.pdf-YrzBZ.pdf HTTP/1.1" 200 2445260 "-" "Mozilla/5.0 (Linux; Android 6.0.1; Nexus 5X Build/MMB29P) AppleWebKit/537.36 (KHTML, like Gecko) Chrome/133.0.6943.53 Mobile Safari/537.36 (compatible; GoogleOther)"
54.36.148.243 - - [04/Mar/2025:20:22:26 +0530] "GET /research/?C=D;O=A HTTP/1.1" 200 2062 "-" "Mozilla/5.0 (compatible; AhrefsBot/7.0; +http://ahrefs.com/robot/)"
45.148.10.80 - - [04/Mar/2025:20:29:00 +0530] "GET /.git/config HTTP/1.1" 404 - "-" "Mozilla/5.0 (Macintosh; Intel Mac OS X 10.6; rv:25.0) Gecko/20100101 Firefox/25.0"
64.233.173.70 - - [04/Mar/2025:20:33:33 +0530] "GET /.well-known/traffic-advice HTTP/1.1" 404 - "-" "Chrome Privacy Preserving Prefetch Proxy"
193.186.4.142 - - [04/Mar/2025:20:33:33 +0530] "GET / HTTP/1.1" 200 144508 "https://www.google.com/" "Mozilla/5.0 (Linux; Android 10; K) AppleWebKit/537.36 (KHTML, like Gecko) Chrome/132.0.0.0 Mobile Safari/537.36"
66.249.66.77 - - [04/Mar/2025:20:38:50 +0530] "GET /robots.txt HTTP/1.1" 404 - "-" "Mozilla/5.0 (compatible; Googlebot/2.1; +http://www.google.com/bot.html)"
66.249.66.76 - - [04/Mar/2025:20:38:50 +0530] "GET /admin/file_photo/Policy%20Document%20on%20e-Governance.pdf-1Evyg.pdf HTTP/1.1" 200 1368407 "-" "Mozilla/5.0 (Linux; Android 6.0.1; Nexus 5X Build/MMB29P) AppleWebKit/537.36 (KHTML, like Gecko) Chrome/133.0.6943.53 Mobile Safari/537.36 (compatible; GoogleOther)"
66.249.66.76 - - [04/Mar/2025:20:56:05 +0530] "GET /admin/file_photo/Annual%20E-Governance%20Report%20Approved%20By%20CDC.pdf-nqPQj.pdf HTTP/1.1" 200 819566 "-" "Mozilla/5.0 (Linux; Android 6.0.1; Nexus 5X Build/MMB29P) AppleWebKit/537.36 (KHTML, like Gecko) Chrome/133.0.6943.53 Mobile Safari/537.36 (compatible; GoogleOther)"
72.14.201.184 - - [04/Mar/2025:20:56:41 +0530] "GET / HTTP/1.1" 200 144508 "https://www.google.com/" "Mozilla/5.0 (Linux; Android 10; K) AppleWebKit/537.36 (KHTML, like Gecko) Chrome/133.0.0.0 Mobile Safari/537.36"
54.36.149.94 - - [04/Mar/2025:20:58:17 +0530] "GET /robots.txt HTTP/1.1" 404 - "-" "Mozilla/5.0 (compatible; AhrefsBot/7.0; +http://ahrefs.com/robot/)"
51.222.253.7 - - [04/Mar/2025:20:58:20 +0530] "GET /vision-mission.php HTTP/1.1" 200 37836 "-" "Mozilla/5.0 (compatible; AhrefsBot/7.0; +http://ahrefs.com/robot/)"
40.77.167.57 - - [04/Mar/2025:21:00:27 +0530] "GET /display.php?cht=6.1.1&table=two HTTP/1.1" 200 31564 "-" "Mozilla/5.0 AppleWebKit/537.36 (KHTML, like Gecko; compatible; bingbot/2.0; +http://www.bing.com/bingbot.htm) Chrome/116.0.1938.76 Safari/537.36"
20.161.75.216 - - [04/Mar/2025:21:10:48 +0530] "GET /admin/dvv_clarification_main/4-%20B-%20Sc-%20I%20Zoology%20NEP%20Syllabus%202024.pdf HTTP/1.1" 200 465758 "-" "Mozilla/5.0 AppleWebKit/537.36 (KHTML, like Gecko); compatible; ChatGPT-User/1.0; +https://openai.com/bot"
51.8.102.221 - - [04/Mar/2025:21:11:34 +0530] "GET /robots.txt HTTP/1.1" 404 - "-" "Mozilla/5.0 (Macintosh; Intel Mac OS X 10_15_7) AppleWebKit/537.36 (KHTML, like Gecko) Chrome/131.0.0.0 Safari/537.36; compatible; OAI-SearchBot/1.0; +https://openai.com/searchbot"
57.141.5.16 - - [04/Mar/2025:21:13:26 +0530] "GET /dvv-clarification1.php HTTP/1.1" 200 44817 "-" "meta-externalagent/1.1 (+https://developers.facebook.com/docs/sharing/webmasters/crawler)"
51.8.102.112 - - [04/Mar/2025:21:16:15 +0530] "GET /dept_pdf/DEPARTMENT%20OF%20ENGLISH.pdf HTTP/1.1" 200 171428 "-" "Mozilla/5.0 (Macintosh; Intel Mac OS X 10_15_7) AppleWebKit/537.36 (KHTML, like Gecko) Chrome/131.0.0.0 Safari/537.36; compatible; OAI-SearchBot/1.0; +https://openai.com/searchbot"
66.249.66.76 - - [04/Mar/2025:21:17:21 +0530] "GET /dept_pdf/DEPARTMENT%20OF%20ENGLISH.pdf HTTP/1.1" 200 171428 "-" "Googlebot/2.1 (+http://www.google.com/bot.html)"
195.211.77.142 - - [04/Mar/2025:21:18:01 +0530] "HEAD / HTTP/1.1" 200 - "-" "Mozilla/5.0 (Windows NT 10.0; Win64; x64) AppleWebKit/537.36 (KHTML, like Gecko) Chrome/108.0.0.0 Safari/537.36"
195.211.77.142 - - [04/Mar/2025:21:18:16 +0530] "GET / HTTP/1.1" 200 144508 "-" "Mozilla/5.0 (Windows NT 10.0; Win64; x64) AppleWebKit/537.36 (KHTML, like Gecko) Chrome/108.0.0.0 Safari/537.36"
54.36.148.234 - - [04/Mar/2025:21:35:21 +0530] "GET /research/?C=M;O=A HTTP/1.1" 200 2062 "-" "Mozilla/5.0 (compatible; AhrefsBot/7.0; +http://ahrefs.com/robot/)"
64.233.173.69 - - [04/Mar/2025:21:37:19 +0530] "GET /.well-known/traffic-advice HTTP/1.1" 404 - "-" "Chrome Privacy Preserving Prefetch Proxy"
72.14.201.184 - - [04/Mar/2025:21:37:20 +0530] "GET / HTTP/1.1" 200 144508 "https://www.google.com/" "Mozilla/5.0 (Linux; Android 10; K) AppleWebKit/537.36 (KHTML, like Gecko) Chrome/133.0.0.0 Mobile Safari/537.36"
69.171.230.3 - - [04/Mar/2025:21:39:41 +0530] "GET /library-services.php HTTP/1.1" 200 33269 "-" "meta-externalagent/1.1 (+https://developers.facebook.com/docs/sharing/webmasters/crawler)"
156.59.198.136 - - [04/Mar/2025:21:45:28 +0530] "GET /admin/supporting_document_4/4.3.1%20IT%20Facility%20Link%20New.pdf HTTP/1.1" 404 - "-" "Mozilla/5.0 (Linux; Android 5.0) AppleWebKit/537.36 (KHTML, like Gecko) Mobile Safari/537.36 (compatible; Bytespider; spider-feedback@bytedance.com)"
85.208.96.196 - - [04/Mar/2025:21:47:51 +0530] "GET /robots.txt HTTP/1.1" 404 - "-" "Mozilla/5.0 (compatible; SemrushBot/7~bl; +http://www.semrush.com/bot.html)"
185.191.171.6 - - [04/Mar/2025:21:47:52 +0530] "GET /admin/supporting_document_4/ HTTP/1.1" 200 24066 "-" "Mozilla/5.0 (compatible; SemrushBot/7~bl; +http://www.semrush.com/bot.html)"
107.189.19.72 - - [04/Mar/2025:21:54:22 +0530] "GET /.env HTTP/1.1" 404 - "-" "SonyEricssonW850i/R1ED Browser/NetFront/3.3 Profile/MIDP-2.0 Configuration/CLDC-1.1"
13.83.167.133 - - [04/Mar/2025:21:56:20 +0530] "GET /admin/dvv_clarification_main/10-%20B-%20Sc-I%20Mathematics%20NEP%20Syllabus%202024.pdf HTTP/1.1" 200 453869 "-" "Mozilla/5.0 AppleWebKit/537.36 (KHTML, like Gecko); compatible; ChatGPT-User/1.0; +https://openai.com/bot"
51.8.102.235 - - [04/Mar/2025:21:57:10 +0530] "GET /robots.txt HTTP/1.1" 404 - "-" "Mozilla/5.0 (Macintosh; Intel Mac OS X 10_15_7) AppleWebKit/537.36 (KHTML, like Gecko) Chrome/131.0.0.0 Safari/537.36; compatible; OAI-SearchBot/1.0; +https://openai.com/searchbot"
66.249.66.77 - - [04/Mar/2025:22:00:59 +0530] "GET /pdf-files/IQAC%20VISION.pdf HTTP/1.1" 200 117004 "-" "Mozilla/5.0 (Linux; Android 6.0.1; Nexus 5X Build/MMB29P) AppleWebKit/537.36 (KHTML, like Gecko) Chrome/133.0.6943.53 Mobile Safari/537.36 (compatible; Googlebot/2.1; +http://www.google.com/bot.html)"
196.251.87.23 - - [04/Mar/2025:22:04:25 +0530] "GET /images/images/cache.php HTTP/1.1" 401 53 "-" "Mozilla/5.0 (Windows NT 10.0; Win64; x64) AppleWebKit/537.36 (KHTML, like Gecko) Chrome/91.0.4472.124 Safari/537.36"
196.251.87.23 - - [04/Mar/2025:22:04:25 +0530] "GET /cgi-bin/cgi-bin/cache.php HTTP/1.1" 401 53 "-" "Mozilla/5.0 (Windows NT 10.0; Win64; x64) AppleWebKit/537.36 (KHTML, like Gecko) Chrome/91.0.4472.124 Safari/537.36"
196.251.87.23 - - [04/Mar/2025:22:04:25 +0530] "GET /Folder/Folder/cache.php HTTP/1.1" 401 53 "-" "Mozilla/5.0 (Windows NT 10.0; Win64; x64) AppleWebKit/537.36 (KHTML, like Gecko) Chrome/91.0.4472.124 Safari/537.36"
196.251.87.23 - - [04/Mar/2025:22:04:26 +0530] "GET /sad/sad/cache.php HTTP/1.1" 401 53 "-" "Mozilla/5.0 (Windows NT 10.0; Win64; x64) AppleWebKit/537.36 (KHTML, like Gecko) Chrome/91.0.4472.124 Safari/537.36"
196.251.87.23 - - [04/Mar/2025:22:04:26 +0530] "GET /index/index/cache.php HTTP/1.1" 401 53 "-" "Mozilla/5.0 (Windows NT 10.0; Win64; x64) AppleWebKit/537.36 (KHTML, like Gecko) Chrome/91.0.4472.124 Safari/537.36"
196.251.87.23 - - [04/Mar/2025:22:04:26 +0530] "GET /jp/jp/cache.php HTTP/1.1" 401 53 "-" "Mozilla/5.0 (Windows NT 10.0; Win64; x64) AppleWebKit/537.36 (KHTML, like Gecko) Chrome/91.0.4472.124 Safari/537.36"
196.251.87.23 - - [04/Mar/2025:22:04:27 +0530] "GET /cache/cache/cache.php HTTP/1.1" 401 53 "-" "Mozilla/5.0 (Windows NT 10.0; Win64; x64) AppleWebKit/537.36 (KHTML, like Gecko) Chrome/91.0.4472.124 Safari/537.36"
196.251.87.23 - - [04/Mar/2025:22:04:27 +0530] "GET /simple/simple/cache.php HTTP/1.1" 401 53 "-" "Mozilla/5.0 (Windows NT 10.0; Win64; x64) AppleWebKit/537.36 (KHTML, like Gecko) Chrome/91.0.4472.124 Safari/537.36"
196.251.87.23 - - [04/Mar/2025:22:04:27 +0530] "GET /tmp/tmp/cache.php HTTP/1.1" 401 53 "-" "Mozilla/5.0 (Windows NT 10.0; Win64; x64) AppleWebKit/537.36 (KHTML, like Gecko) Chrome/91.0.4472.124 Safari/537.36"
196.251.87.23 - - [04/Mar/2025:22:04:27 +0530] "GET /basketl/basketl/cache.php HTTP/1.1" 401 53 "-" "Mozilla/5.0 (Windows NT 10.0; Win64; x64) AppleWebKit/537.36 (KHTML, like Gecko) Chrome/91.0.4472.124 Safari/537.36"
196.251.87.23 - - [04/Mar/2025:22:04:28 +0530] "GET /as/as/cache.php HTTP/1.1" 401 53 "-" "Mozilla/5.0 (Windows NT 10.0; Win64; x64) AppleWebKit/537.36 (KHTML, like Gecko) Chrome/91.0.4472.124 Safari/537.36"
196.251.87.23 - - [04/Mar/2025:22:04:28 +0530] "GET /wordpress/wordpress/cache.php HTTP/1.1" 401 53 "-" "Mozilla/5.0 (Windows NT 10.0; Win64; x64) AppleWebKit/537.36 (KHTML, like Gecko) Chrome/91.0.4472.124 Safari/537.36"
196.251.87.23 - - [04/Mar/2025:22:04:29 +0530] "GET /plugins/plugins/cache.php HTTP/1.1" 401 53 "-" "Mozilla/5.0 (Windows NT 10.0; Win64; x64) AppleWebKit/537.36 (KHTML, like Gecko) Chrome/91.0.4472.124 Safari/537.36"
196.251.87.23 - - [04/Mar/2025:22:04:29 +0530] "GET /goods/goods/cache.php HTTP/1.1" 401 53 "-" "Mozilla/5.0 (Windows NT 10.0; Win64; x64) AppleWebKit/537.36 (KHTML, like Gecko) Chrome/91.0.4472.124 Safari/537.36"
196.251.87.23 - - [04/Mar/2025:22:04:29 +0530] "GET /mah/mah/cache.php HTTP/1.1" 401 53 "-" "Mozilla/5.0 (Windows NT 10.0; Win64; x64) AppleWebKit/537.36 (KHTML, like Gecko) Chrome/91.0.4472.124 Safari/537.36"
196.251.87.23 - - [04/Mar/2025:22:04:29 +0530] "GET /private/private/cache.php HTTP/1.1" 401 53 "-" "Mozilla/5.0 (Windows NT 10.0; Win64; x64) AppleWebKit/537.36 (KHTML, like Gecko) Chrome/91.0.4472.124 Safari/537.36"
196.251.87.23 - - [04/Mar/2025:22:04:30 +0530] "GET /tuny/tuny/cache.php HTTP/1.1" 401 53 "-" "Mozilla/5.0 (Windows NT 10.0; Win64; x64) AppleWebKit/537.36 (KHTML, like Gecko) Chrome/91.0.4472.124 Safari/537.36"
196.251.87.23 - - [04/Mar/2025:22:04:30 +0530] "GET /function/function/cache.php HTTP/1.1" 401 53 "-" "Mozilla/5.0 (Windows NT 10.0; Win64; x64) AppleWebKit/537.36 (KHTML, like Gecko) Chrome/91.0.4472.124 Safari/537.36"
196.251.87.23 - - [04/Mar/2025:22:04:30 +0530] "GET /ALFA_DATA/alfacgiapi/alfacgiapi/cache.php HTTP/1.1" 401 53 "-" "Mozilla/5.0 (Windows NT 10.0; Win64; x64) AppleWebKit/537.36 (KHTML, like Gecko) Chrome/91.0.4472.124 Safari/537.36"
196.251.87.23 - - [04/Mar/2025:22:04:31 +0530] "GET /media/media/cache.php HTTP/1.1" 401 53 "-" "Mozilla/5.0 (Windows NT 10.0; Win64; x64) AppleWebKit/537.36 (KHTML, like Gecko) Chrome/91.0.4472.124 Safari/537.36"
196.251.87.23 - - [04/Mar/2025:22:04:31 +0530] "GET /about/about/cache.php HTTP/1.1" 401 53 "-" "Mozilla/5.0 (Windows NT 10.0; Win64; x64) AppleWebKit/537.36 (KHTML, like Gecko) Chrome/91.0.4472.124 Safari/537.36"
196.251.87.23 - - [04/Mar/2025:22:04:31 +0530] "GET /install/install/cache.php HTTP/1.1" 401 53 "-" "Mozilla/5.0 (Windows NT 10.0; Win64; x64) AppleWebKit/537.36 (KHTML, like Gecko) Chrome/91.0.4472.124 Safari/537.36"
196.251.87.23 - - [04/Mar/2025:22:04:32 +0530] "GET /admin/admin/cache.php HTTP/1.1" 401 53 "-" "Mozilla/5.0 (Windows NT 10.0; Win64; x64) AppleWebKit/537.36 (KHTML, like Gecko) Chrome/91.0.4472.124 Safari/537.36"
196.251.87.23 - - [04/Mar/2025:22:04:32 +0530] "GET /network/network/cache.php HTTP/1.1" 401 53 "-" "Mozilla/5.0 (Windows NT 10.0; Win64; x64) AppleWebKit/537.36 (KHTML, like Gecko) Chrome/91.0.4472.124 Safari/537.36"
196.251.87.23 - - [04/Mar/2025:22:04:32 +0530] "GET /assets/images/cache.php HTTP/1.1" 401 53 "-" "Mozilla/5.0 (Windows NT 10.0; Win64; x64) AppleWebKit/537.36 (KHTML, like Gecko) Chrome/91.0.4472.124 Safari/537.36"
196.251.87.23 - - [04/Mar/2025:22:04:33 +0530] "GET /assets/images/images/cache.php HTTP/1.1" 401 53 "-" "Mozilla/5.0 (Windows NT 10.0; Win64; x64) AppleWebKit/537.36 (KHTML, like Gecko) Chrome/91.0.4472.124 Safari/537.36"
196.251.87.23 - - [04/Mar/2025:22:04:33 +0530] "GET /private/private/cache.php HTTP/1.1" 401 53 "-" "Mozilla/5.0 (Windows NT 10.0; Win64; x64) AppleWebKit/537.36 (KHTML, like Gecko) Chrome/91.0.4472.124 Safari/537.36"
196.251.87.23 - - [04/Mar/2025:22:04:33 +0530] "GET /tuny/tuny/cache.php HTTP/1.1" 401 53 "-" "Mozilla/5.0 (Windows NT 10.0; Win64; x64) AppleWebKit/537.36 (KHTML, like Gecko) Chrome/91.0.4472.124 Safari/537.36"
196.251.87.23 - - [04/Mar/2025:22:04:33 +0530] "GET /function/function/cache.php HTTP/1.1" 401 53 "-" "Mozilla/5.0 (Windows NT 10.0; Win64; x64) AppleWebKit/537.36 (KHTML, like Gecko) Chrome/91.0.4472.124 Safari/537.36"
196.251.87.23 - - [04/Mar/2025:22:04:34 +0530] "GET /Folder/Folder/cache.php HTTP/1.1" 401 53 "-" "Mozilla/5.0 (Windows NT 10.0; Win64; x64) AppleWebKit/537.36 (KHTML, like Gecko) Chrome/91.0.4472.124 Safari/537.36"
196.251.87.23 - - [04/Mar/2025:22:04:34 +0530] "GET /ALFA_DATA/alfacgiapi/alfacgiapi/cache.php HTTP/1.1" 401 53 "-" "Mozilla/5.0 (Windows NT 10.0; Win64; x64) AppleWebKit/537.36 (KHTML, like Gecko) Chrome/91.0.4472.124 Safari/537.36"
196.251.87.23 - - [04/Mar/2025:22:04:34 +0530] "GET /media/media/cache.php HTTP/1.1" 401 53 "-" "Mozilla/5.0 (Windows NT 10.0; Win64; x64) AppleWebKit/537.36 (KHTML, like Gecko) Chrome/91.0.4472.124 Safari/537.36"
196.251.87.23 - - [04/Mar/2025:22:04:35 +0530] "GET /about/about/cache.php HTTP/1.1" 401 53 "-" "Mozilla/5.0 (Windows NT 10.0; Win64; x64) AppleWebKit/537.36 (KHTML, like Gecko) Chrome/91.0.4472.124 Safari/537.36"
196.251.87.23 - - [04/Mar/2025:22:04:35 +0530] "GET /install/install/cache.php HTTP/1.1" 401 53 "-" "Mozilla/5.0 (Windows NT 10.0; Win64; x64) AppleWebKit/537.36 (KHTML, like Gecko) Chrome/91.0.4472.124 Safari/537.36"
196.251.87.23 - - [04/Mar/2025:22:04:35 +0530] "GET /admin/admin/cache.php HTTP/1.1" 401 53 "-" "Mozilla/5.0 (Windows NT 10.0; Win64; x64) AppleWebKit/537.36 (KHTML, like Gecko) Chrome/91.0.4472.124 Safari/537.36"
196.251.87.23 - - [04/Mar/2025:22:04:36 +0530] "GET /network/network/cache.php HTTP/1.1" 401 53 "-" "Mozilla/5.0 (Windows NT 10.0; Win64; x64) AppleWebKit/537.36 (KHTML, like Gecko) Chrome/91.0.4472.124 Safari/537.36"
196.251.87.23 - - [04/Mar/2025:22:04:36 +0530] "GET /assets/images/cache.php HTTP/1.1" 401 53 "-" "Mozilla/5.0 (Windows NT 10.0; Win64; x64) AppleWebKit/537.36 (KHTML, like Gecko) Chrome/91.0.4472.124 Safari/537.36"
196.251.87.23 - - [04/Mar/2025:22:04:36 +0530] "GET /assets/images/images/cache.php HTTP/1.1" 401 53 "-" "Mozilla/5.0 (Windows NT 10.0; Win64; x64) AppleWebKit/537.36 (KHTML, like Gecko) Chrome/91.0.4472.124 Safari/537.36"
196.251.87.23 - - [04/Mar/2025:22:04:37 +0530] "GET /moon/moon/cache.php HTTP/1.1" 401 53 "-" "Mozilla/5.0 (Windows NT 10.0; Win64; x64) AppleWebKit/537.36 (KHTML, like Gecko) Chrome/91.0.4472.124 Safari/537.36"
196.251.87.23 - - [04/Mar/2025:22:04:37 +0530] "GET /file/file/cache.php HTTP/1.1" 401 53 "-" "Mozilla/5.0 (Windows NT 10.0; Win64; x64) AppleWebKit/537.36 (KHTML, like Gecko) Chrome/91.0.4472.124 Safari/537.36"
196.251.87.23 - - [04/Mar/2025:22:04:37 +0530] "GET /pages/pages/cache.php HTTP/1.1" 401 53 "-" "Mozilla/5.0 (Windows NT 10.0; Win64; x64) AppleWebKit/537.36 (KHTML, like Gecko) Chrome/91.0.4472.124 Safari/537.36"
196.251.87.23 - - [04/Mar/2025:22:04:38 +0530] "GET /css/css/cache.php HTTP/1.1" 401 53 "-" "Mozilla/5.0 (Windows NT 10.0; Win64; x64) AppleWebKit/537.36 (KHTML, like Gecko) Chrome/91.0.4472.124 Safari/537.36"
196.251.87.23 - - [04/Mar/2025:22:04:38 +0530] "GET /x/x/cache.php HTTP/1.1" 401 53 "-" "Mozilla/5.0 (Windows NT 10.0; Win64; x64) AppleWebKit/537.36 (KHTML, like Gecko) Chrome/91.0.4472.124 Safari/537.36"
196.251.87.23 - - [04/Mar/2025:22:04:38 +0530] "GET /users/users/cache.php HTTP/1.1" 401 53 "-" "Mozilla/5.0 (Windows NT 10.0; Win64; x64) AppleWebKit/537.36 (KHTML, like Gecko) Chrome/91.0.4472.124 Safari/537.36"
196.251.87.23 - - [04/Mar/2025:22:04:38 +0530] "GET /fonts/fonts/cache.php HTTP/1.1" 401 53 "-" "Mozilla/5.0 (Windows NT 10.0; Win64; x64) AppleWebKit/537.36 (KHTML, like Gecko) Chrome/91.0.4472.124 Safari/537.36"
156.59.198.135 - - [04/Mar/2025:22:10:21 +0530] "GET /research/2018%2019%20merged.pdf HTTP/1.1" 404 - "-" "Mozilla/5.0 (Linux; Android 5.0) AppleWebKit/537.36 (KHTML, like Gecko) Mobile Safari/537.36 (compatible; Bytespider; spider-feedback@bytedance.com)"
54.36.148.248 - - [04/Mar/2025:22:18:21 +0530] "GET /research/?C=S;O=A HTTP/1.1" 200 2062 "-" "Mozilla/5.0 (compatible; AhrefsBot/7.0; +http://ahrefs.com/robot/)"
66.249.66.78 - - [04/Mar/2025:22:21:40 +0530] "GET /ads.txt HTTP/1.1" 404 - "-" "Mozilla/5.0 (compatible; Googlebot/2.1; +http://www.google.com/bot.html)"
114.119.137.98 - - [04/Mar/2025:22:24:03 +0530] "GET /display.php?cht=5.4.3&table=one HTTP/1.1" 200 31609 "https://www.lbpmsolapur.org/ssr.php?chapter=5" "Mozilla/5.0 (Linux; Android 7.0;) AppleWebKit/537.36 (KHTML, like Gecko) Mobile Safari/537.36 (compatible; PetalBot;+https://webmaster.petalsearch.com/site/petalbot)"
66.249.66.77 - - [04/Mar/2025:22:24:07 +0530] "GET /admin/file_photo/Policy%20Document%20on%20e-Governance.pdf-1Evyg.pdf HTTP/1.1" 200 1368407 "-" "Mozilla/5.0 (Linux; Android 6.0.1; Nexus 5X Build/MMB29P) AppleWebKit/537.36 (KHTML, like Gecko) Chrome/133.0.6943.53 Mobile Safari/537.36 (compatible; Googlebot/2.1; +http://www.google.com/bot.html)"
66.249.66.77 - - [04/Mar/2025:22:32:29 +0530] "GET /admin/file_photo/e%20governance%20Expenditure.pdf-YrzBZ.pdf HTTP/1.1" 200 2445260 "-" "Mozilla/5.0 (Linux; Android 6.0.1; Nexus 5X Build/MMB29P) AppleWebKit/537.36 (KHTML, like Gecko) Chrome/133.0.6943.53 Mobile Safari/537.36 (compatible; Googlebot/2.1; +http://www.google.com/bot.html)"
66.249.66.76 - - [04/Mar/2025:22:40:51 +0530] "GET /admin/file_photo/Annual%20E-Governance%20Report%20Approved%20By%20CDC.pdf-nqPQj.pdf HTTP/1.1" 200 819566 "-" "Mozilla/5.0 (Linux; Android 6.0.1; Nexus 5X Build/MMB29P) AppleWebKit/537.36 (KHTML, like Gecko) Chrome/133.0.6943.53 Mobile Safari/537.36 (compatible; Googlebot/2.1; +http://www.google.com/bot.html)"
66.249.66.77 - - [04/Mar/2025:22:42:51 +0530] "GET /pdf-files/college-infrastructure.pdf HTTP/1.1" 304 - "-" "Mozilla/5.0 (Linux; Android 6.0.1; Nexus 5X Build/MMB29P) AppleWebKit/537.36 (KHTML, like Gecko) Chrome/133.0.6943.53 Mobile Safari/537.36 (compatible; Googlebot/2.1; +http://www.google.com/bot.html)"
66.249.66.76 - - [04/Mar/2025:22:43:55 +0530] "GET /sss/LmFto2pJ4A.jpg HTTP/1.1" 304 - "-" "Googlebot-Image/1.0"
66.249.66.201 - - [04/Mar/2025:22:47:22 +0530] "GET /research_work/VbBrwLcP1X.pdf HTTP/1.1" 304 - "-" "Mozilla/5.0 (Linux; Android 6.0.1; Nexus 5X Build/MMB29P) AppleWebKit/537.36 (KHTML, like Gecko) Chrome/133.0.6943.141 Mobile Safari/537.36 (compatible; Googlebot/2.1; +http://www.google.com/bot.html)"
156.59.198.136 - - [04/Mar/2025:22:54:25 +0530] "GET /research/332%202022%2023.pdf HTTP/1.1" 404 - "-" "Mozilla/5.0 (Linux; Android 5.0) AppleWebKit/537.36 (KHTML, like Gecko) Mobile Safari/537.36 (compatible; Bytespider; spider-feedback@bytedance.com)"
51.222.253.9 - - [04/Mar/2025:22:56:48 +0530] "GET /news-media.php HTTP/1.1" 200 66625 "-" "Mozilla/5.0 (compatible; AhrefsBot/7.0; +http://ahrefs.com/robot/)"
57.141.5.10 - - [04/Mar/2025:23:06:16 +0530] "GET /about-librarian.php HTTP/1.1" 200 33679 "-" "meta-externalagent/1.1 (+https://developers.facebook.com/docs/sharing/webmasters/crawler)"
185.247.137.43 - - [04/Mar/2025:23:07:42 +0530] "GET / HTTP/1.1" 401 53 "-" "Mozilla/5.0 (compatible; InternetMeasurement/1.0; +https://internet-measurement.com/)"
66.249.66.78 - - [04/Mar/2025:23:08:02 +0530] "GET /dept_pdf/DEPARTMENT%20OF%20ENGLISH.pdf HTTP/1.1" 304 - "-" "Mozilla/5.0 (Linux; Android 6.0.1; Nexus 5X Build/MMB29P) AppleWebKit/537.36 (KHTML, like Gecko) Chrome/133.0.6943.53 Mobile Safari/537.36 (compatible; Googlebot/2.1; +http://www.google.com/bot.html)"
110.249.201.143 - - [04/Mar/2025:23:12:11 +0530] "GET /robots.txt HTTP/1.1" 404 - "-" "Mozilla/5.0 (Linux; Android 5.0) AppleWebKit/537.36 (KHTML, like Gecko) Mobile Safari/537.36 (compatible; Bytespider; https://zhanzhang.toutiao.com/)"
156.59.198.135 - - [04/Mar/2025:23:13:30 +0530] "GET /research/332%202022%2023.pdf HTTP/1.1" 404 - "-" "Mozilla/5.0 (Linux; Android 5.0) AppleWebKit/537.36 (KHTML, like Gecko) Mobile Safari/537.36 (compatible; Bytespider; spider-feedback@bytedance.com)"
66.249.66.76 - - [04/Mar/2025:23:16:38 +0530] "GET /sss/G3oJkJxSco.jpg HTTP/1.1" 304 - "-" "Googlebot-Image/1.0"
152.56.9.160 - - [04/Mar/2025:23:21:08 +0530] "GET /research_work/CC6qAuBtYK.pdf HTTP/1.1" 200 1076070 "https://www.google.com/" "Mozilla/5.0 (Linux; Android 10; K) AppleWebKit/537.36 (KHTML, like Gecko) Chrome/133.0.0.0 Mobile Safari/537.36"
51.222.253.3 - - [04/Mar/2025:23:28:19 +0530] "GET /library1.php HTTP/1.1" 200 34575 "-" "Mozilla/5.0 (compatible; AhrefsBot/7.0; +http://ahrefs.com/robot/)"
66.249.66.202 - - [04/Mar/2025:23:34:15 +0530] "GET / HTTP/1.1" 200 144508 "-" "Mozilla/5.0 (Linux; Android 6.0.1; Nexus 5X Build/MMB29P) AppleWebKit/537.36 (KHTML, like Gecko) Chrome/133.0.6943.53 Mobile Safari/537.36 (compatible; Googlebot/2.1; +http://www.google.com/bot.html)"
66.249.66.200 - - [04/Mar/2025:23:34:19 +0530] "GET /css/style.css HTTP/1.1" 200 21531 "https://lbpmsolapur.org/" "Mozilla/5.0 (Linux; Android 6.0.1; Nexus 5X Build/MMB29P) AppleWebKit/537.36 (KHTML, like Gecko) Chrome/133.0.6943.126 Mobile Safari/537.36 (compatible; Googlebot/2.1; +http://www.google.com/bot.html)"
66.249.66.200 - - [04/Mar/2025:23:34:21 +0530] "GET /demo.css HTTP/1.1" 200 3038 "https://lbpmsolapur.org/" "Mozilla/5.0 (Linux; Android 6.0.1; Nexus 5X Build/MMB29P) AppleWebKit/537.36 (KHTML, like Gecko) Chrome/133.0.6943.126 Mobile Safari/537.36 (compatible; Googlebot/2.1; +http://www.google.com/bot.html)"
66.249.66.201 - - [04/Mar/2025:23:34:22 +0530] "GET /js/jquery-1.7.m15in.js HTTP/1.1" 404 - "https://lbpmsolapur.org/" "Mozilla/5.0 (Linux; Android 6.0.1; Nexus 5X Build/MMB29P) AppleWebKit/537.36 (KHTML, like Gecko) Chrome/133.0.6943.126 Mobile Safari/537.36 (compatible; Googlebot/2.1; +http://www.google.com/bot.html)"
40.77.167.36 - - [04/Mar/2025:23:41:10 +0530] "GET /slider_images/lHBRkZxEj6.jpg HTTP/1.1" 200 97609 "-" "Mozilla/5.0 AppleWebKit/537.36 (KHTML, like Gecko; compatible; bingbot/2.0; +http://www.bing.com/bingbot.htm) Chrome/116.0.1938.76 Safari/537.36"
66.249.66.202 - - [04/Mar/2025:23:47:57 +0530] "GET /sss/G3oJkJxSco.jpg HTTP/1.1" 200 94621 "-" "Mozilla/5.0 (Linux; Android 6.0.1; Nexus 5X Build/MMB29P) AppleWebKit/537.36 (KHTML, like Gecko) Chrome/133.0.6943.53 Mobile Safari/537.36 (compatible; Googlebot/2.1; +http://www.google.com/bot.html)"
8.210.102.252 - - [04/Mar/2025:23:48:49 +0530] "GET /admin/attachments/DLS5PgKC9K.pdf HTTP/1.1" 200 2597560 "-" "Mozilla/5.0 (Macintosh; Intel Mac OS X 10_7_7) AppleWebKit/585.12 (KHTML, like Gecko) Chrome/105.0.0.0 Safari/585.12 Edg/105.0.3305.26"
