Revonzy Mini Shell

Revonzy Mini Shell

Şuanki Dizin: /home/wwwdreamtechnolo/access-logs/
Dosya Yükle :
Şuanki Dosya : /home/wwwdreamtechnolo/access-logs/vsacademysolapur.in.dreamtechnology.co.in

130.89.144.164 - - [04/Mar/2025:18:14:36 +0530] "GET /robots.txt HTTP/1.1" 404 - "-" "TestCrawler/Nutch (https://about:blank/)"
130.89.144.164 - - [04/Mar/2025:18:14:37 +0530] "GET / HTTP/1.1" 200 59887 "-" "TestCrawler/Nutch (https://about:blank/)"
51.75.162.18 - - [04/Mar/2025:19:39:57 +0530] "GET / HTTP/1.1" 200 59887 "-" "Mozilla/5.0 (Windows NT 10.0; Win64; x64) AppleWebKit/537.36 (KHTML, like Gecko) Chrome/102.0.0.0 Safari/537.36"
51.75.162.18 - - [04/Mar/2025:19:39:57 +0530] "GET /assets/css/font-awesome.min.css HTTP/1.1" 200 29062 "http://vsacademysolapur.in/" "Mozilla/5.0 (Windows NT 10.0; Win64; x64) AppleWebKit/537.36 (KHTML, like Gecko) Chrome/102.0.0.0 Safari/537.36"
51.75.162.18 - - [04/Mar/2025:19:39:57 +0530] "GET /assets/css/slicknav.min.css HTTP/1.1" 200 2505 "http://vsacademysolapur.in/" "Mozilla/5.0 (Windows NT 10.0; Win64; x64) AppleWebKit/537.36 (KHTML, like Gecko) Chrome/102.0.0.0 Safari/537.36"
54.37.10.247 - - [04/Mar/2025:19:39:57 +0530] "GET /assets/css/style1.css HTTP/1.1" 200 7542 "http://vsacademysolapur.in/" "Mozilla/5.0 (Windows NT 10.0; Win64; x64) AppleWebKit/537.36 (KHTML, like Gecko) Chrome/102.0.0.0 Safari/537.36"
57.129.4.123 - - [04/Mar/2025:19:39:57 +0530] "GET /assets/css/owl.carousel.min.css HTTP/1.1" 200 2936 "http://vsacademysolapur.in/" "Mozilla/5.0 (Windows NT 10.0; Win64; x64) AppleWebKit/537.36 (KHTML, like Gecko) Chrome/102.0.0.0 Safari/537.36"
51.38.135.19 - - [04/Mar/2025:19:39:57 +0530] "GET /assets/css/magnific-popup.css HTTP/1.1" 200 6951 "http://vsacademysolapur.in/" "Mozilla/5.0 (Windows NT 10.0; Win64; x64) AppleWebKit/537.36 (KHTML, like Gecko) Chrome/102.0.0.0 Safari/537.36"
54.37.10.247 - - [04/Mar/2025:19:39:57 +0530] "GET /assets/css/bootstrap.min.css HTTP/1.1" 200 144877 "http://vsacademysolapur.in/" "Mozilla/5.0 (Windows NT 10.0; Win64; x64) AppleWebKit/537.36 (KHTML, like Gecko) Chrome/102.0.0.0 Safari/537.36"
51.75.162.18 - - [04/Mar/2025:19:39:57 +0530] "GET /assets/css/typography.css HTTP/1.1" 200 2760 "http://vsacademysolapur.in/" "Mozilla/5.0 (Windows NT 10.0; Win64; x64) AppleWebKit/537.36 (KHTML, like Gecko) Chrome/102.0.0.0 Safari/537.36"
54.37.10.247 - - [04/Mar/2025:19:39:57 +0530] "GET /assets/css/default-css.css HTTP/1.1" 200 5484 "http://vsacademysolapur.in/" "Mozilla/5.0 (Windows NT 10.0; Win64; x64) AppleWebKit/537.36 (KHTML, like Gecko) Chrome/102.0.0.0 Safari/537.36"
57.129.4.123 - - [04/Mar/2025:19:39:57 +0530] "GET /assets/css/styles.css HTTP/1.1" 200 43744 "http://vsacademysolapur.in/" "Mozilla/5.0 (Windows NT 10.0; Win64; x64) AppleWebKit/537.36 (KHTML, like Gecko) Chrome/102.0.0.0 Safari/537.36"
51.75.162.18 - - [04/Mar/2025:19:39:57 +0530] "GET /assets/css/responsive.css HTTP/1.1" 200 22355 "http://vsacademysolapur.in/" "Mozilla/5.0 (Windows NT 10.0; Win64; x64) AppleWebKit/537.36 (KHTML, like Gecko) Chrome/102.0.0.0 Safari/537.36"
51.38.135.19 - - [04/Mar/2025:19:39:57 +0530] "GET /assets/css/header1.css HTTP/1.1" 200 9783 "http://vsacademysolapur.in/" "Mozilla/5.0 (Windows NT 10.0; Win64; x64) AppleWebKit/537.36 (KHTML, like Gecko) Chrome/102.0.0.0 Safari/537.36"
51.75.162.18 - - [04/Mar/2025:19:39:57 +0530] "GET /assets/css/triggerplate/color-0.css HTTP/1.1" 404 - "http://vsacademysolapur.in/" "Mozilla/5.0 (Windows NT 10.0; Win64; x64) AppleWebKit/537.36 (KHTML, like Gecko) Chrome/102.0.0.0 Safari/537.36"
54.37.10.247 - - [04/Mar/2025:19:39:58 +0530] "GET /assets/js/vendor/modernizr-2.8.3.min.js HTTP/1.1" 200 15514 "http://vsacademysolapur.in/" "Mozilla/5.0 (Windows NT 10.0; Win64; x64) AppleWebKit/537.36 (KHTML, like Gecko) Chrome/102.0.0.0 Safari/537.36"
51.75.162.18 - - [04/Mar/2025:19:39:58 +0530] "GET /assets/social-icons/icons8-facebook-50.png HTTP/1.1" 200 729 "http://vsacademysolapur.in/" "Mozilla/5.0 (Windows NT 10.0; Win64; x64) AppleWebKit/537.36 (KHTML, like Gecko) Chrome/102.0.0.0 Safari/537.36"
51.38.135.19 - - [04/Mar/2025:19:39:58 +0530] "GET /assets/social-icons/icons8-instagram-30.png HTTP/1.1" 200 422 "http://vsacademysolapur.in/" "Mozilla/5.0 (Windows NT 10.0; Win64; x64) AppleWebKit/537.36 (KHTML, like Gecko) Chrome/102.0.0.0 Safari/537.36"
54.37.10.247 - - [04/Mar/2025:19:39:58 +0530] "GET /assets/images/logo/vs-logo.png HTTP/1.1" 200 159471 "http://vsacademysolapur.in/" "Mozilla/5.0 (Windows NT 10.0; Win64; x64) AppleWebKit/537.36 (KHTML, like Gecko) Chrome/102.0.0.0 Safari/537.36"
51.38.135.19 - - [04/Mar/2025:19:39:58 +0530] "GET /assets/social-icons/icons8-youtube-50.png HTTP/1.1" 200 585 "http://vsacademysolapur.in/" "Mozilla/5.0 (Windows NT 10.0; Win64; x64) AppleWebKit/537.36 (KHTML, like Gecko) Chrome/102.0.0.0 Safari/537.36"
57.129.4.123 - - [04/Mar/2025:19:39:58 +0530] "GET /assets/js/owl.carousel.min.js HTTP/1.1" 200 42766 "http://vsacademysolapur.in/" "Mozilla/5.0 (Windows NT 10.0; Win64; x64) AppleWebKit/537.36 (KHTML, like Gecko) Chrome/102.0.0.0 Safari/537.36"
54.37.10.247 - - [04/Mar/2025:19:39:58 +0530] "GET /assets/js/bootstrap.min.js HTTP/1.1" 200 48944 "http://vsacademysolapur.in/" "Mozilla/5.0 (Windows NT 10.0; Win64; x64) AppleWebKit/537.36 (KHTML, like Gecko) Chrome/102.0.0.0 Safari/537.36"
51.75.162.18 - - [04/Mar/2025:19:39:58 +0530] "GET /assets/js/vendor/jquery-2.2.4.min.js HTTP/1.1" 200 85578 "http://vsacademysolapur.in/" "Mozilla/5.0 (Windows NT 10.0; Win64; x64) AppleWebKit/537.36 (KHTML, like Gecko) Chrome/102.0.0.0 Safari/537.36"
51.38.135.19 - - [04/Mar/2025:19:39:58 +0530] "GET /assets/images/menu.png HTTP/1.1" 200 3763 "http://vsacademysolapur.in/" "Mozilla/5.0 (Windows NT 10.0; Win64; x64) AppleWebKit/537.36 (KHTML, like Gecko) Chrome/102.0.0.0 Safari/537.36"
51.75.162.18 - - [04/Mar/2025:19:39:58 +0530] "GET /assets/js/jquery.magnific-popup.min.js HTTP/1.1" 200 20228 "http://vsacademysolapur.in/" "Mozilla/5.0 (Windows NT 10.0; Win64; x64) AppleWebKit/537.36 (KHTML, like Gecko) Chrome/102.0.0.0 Safari/537.36"
54.37.10.247 - - [04/Mar/2025:19:39:58 +0530] "GET /assets/js/jquery.slicknav.min.js HTTP/1.1" 200 8415 "http://vsacademysolapur.in/" "Mozilla/5.0 (Windows NT 10.0; Win64; x64) AppleWebKit/537.36 (KHTML, like Gecko) Chrome/102.0.0.0 Safari/537.36"
57.129.4.123 - - [04/Mar/2025:19:39:58 +0530] "GET /assets/js/scripts.js HTTP/1.1" 200 7197 "http://vsacademysolapur.in/" "Mozilla/5.0 (Windows NT 10.0; Win64; x64) AppleWebKit/537.36 (KHTML, like Gecko) Chrome/102.0.0.0 Safari/537.36"
51.38.135.19 - - [04/Mar/2025:19:39:58 +0530] "GET /assets/js/plugins.js HTTP/1.1" 200 3547 "http://vsacademysolapur.in/" "Mozilla/5.0 (Windows NT 10.0; Win64; x64) AppleWebKit/537.36 (KHTML, like Gecko) Chrome/102.0.0.0 Safari/537.36"
57.129.4.123 - - [04/Mar/2025:19:39:59 +0530] "GET /assets/images/photos/neet.avif HTTP/1.1" 200 9615 "http://vsacademysolapur.in/" "Mozilla/5.0 (Windows NT 10.0; Win64; x64) AppleWebKit/537.36 (KHTML, like Gecko) Chrome/102.0.0.0 Safari/537.36"
54.37.10.247 - - [04/Mar/2025:19:39:59 +0530] "GET /assets/images/photos/play.png HTTP/1.1" 200 17419 "http://vsacademysolapur.in/" "Mozilla/5.0 (Windows NT 10.0; Win64; x64) AppleWebKit/537.36 (KHTML, like Gecko) Chrome/102.0.0.0 Safari/537.36"
51.38.135.19 - - [04/Mar/2025:19:39:59 +0530] "GET /assets/images/photos/jee.jpg HTTP/1.1" 200 30817 "http://vsacademysolapur.in/" "Mozilla/5.0 (Windows NT 10.0; Win64; x64) AppleWebKit/537.36 (KHTML, like Gecko) Chrome/102.0.0.0 Safari/537.36"
51.75.162.18 - - [04/Mar/2025:19:39:59 +0530] "GET /admin/team/0otJr9EqM3.png HTTP/1.1" 200 146999 "http://vsacademysolapur.in/" "Mozilla/5.0 (Windows NT 10.0; Win64; x64) AppleWebKit/537.36 (KHTML, like Gecko) Chrome/102.0.0.0 Safari/537.36"
54.37.10.247 - - [04/Mar/2025:19:39:59 +0530] "GET /assets/images/photos/courses-after-12th-Science-pcmb.webp HTTP/1.1" 200 49388 "http://vsacademysolapur.in/" "Mozilla/5.0 (Windows NT 10.0; Win64; x64) AppleWebKit/537.36 (KHTML, like Gecko) Chrome/102.0.0.0 Safari/537.36"
54.37.10.247 - - [04/Mar/2025:19:39:59 +0530] "GET /admin/team/6bRloJjbc4.png HTTP/1.1" 200 11108 "http://vsacademysolapur.in/" "Mozilla/5.0 (Windows NT 10.0; Win64; x64) AppleWebKit/537.36 (KHTML, like Gecko) Chrome/102.0.0.0 Safari/537.36"
51.75.162.18 - - [04/Mar/2025:19:39:59 +0530] "GET /assets/images/photos/vs-3.jpg HTTP/1.1" 200 2552182 "http://vsacademysolapur.in/" "Mozilla/5.0 (Windows NT 10.0; Win64; x64) AppleWebKit/537.36 (KHTML, like Gecko) Chrome/102.0.0.0 Safari/537.36"
57.129.4.123 - - [04/Mar/2025:19:39:59 +0530] "GET /admin/team/KGtmnBAgrV.jpg HTTP/1.1" 200 9739996 "http://vsacademysolapur.in/" "Mozilla/5.0 (Windows NT 10.0; Win64; x64) AppleWebKit/537.36 (KHTML, like Gecko) Chrome/102.0.0.0 Safari/537.36"
167.114.3.106 - - [04/Mar/2025:19:40:01 +0530] "GET /sign-up-form.php HTTP/1.1" 200 32845 "http://vsacademysolapur.in/" "Mozilla/5.0 (Windows NT 10.0; Win64; x64) AppleWebKit/537.36 (KHTML, like Gecko) Chrome/102.0.0.0 Safari/537.36"
51.38.135.19 - - [04/Mar/2025:19:40:02 +0530] "GET /assets/css/magnific-popup.css HTTP/1.1" 200 6951 "http://vsacademysolapur.in/sign-up-form.php" "Mozilla/5.0 (Windows NT 10.0; Win64; x64) AppleWebKit/537.36 (KHTML, like Gecko) Chrome/102.0.0.0 Safari/537.36"
167.114.3.106 - - [04/Mar/2025:19:40:02 +0530] "GET /assets/css/bootstrap.min.css HTTP/1.1" 200 144877 "http://vsacademysolapur.in/sign-up-form.php" "Mozilla/5.0 (Windows NT 10.0; Win64; x64) AppleWebKit/537.36 (KHTML, like Gecko) Chrome/102.0.0.0 Safari/537.36"
57.129.4.123 - - [04/Mar/2025:19:40:02 +0530] "GET /assets/css/font-awesome.min.css HTTP/1.1" 200 29062 "http://vsacademysolapur.in/sign-up-form.php" "Mozilla/5.0 (Windows NT 10.0; Win64; x64) AppleWebKit/537.36 (KHTML, like Gecko) Chrome/102.0.0.0 Safari/537.36"
51.75.162.18 - - [04/Mar/2025:19:40:02 +0530] "GET /assets/css/owl.carousel.min.css HTTP/1.1" 200 2936 "http://vsacademysolapur.in/sign-up-form.php" "Mozilla/5.0 (Windows NT 10.0; Win64; x64) AppleWebKit/537.36 (KHTML, like Gecko) Chrome/102.0.0.0 Safari/537.36"
51.38.135.19 - - [04/Mar/2025:19:40:02 +0530] "GET /assets/css/default-css.css HTTP/1.1" 200 5484 "http://vsacademysolapur.in/sign-up-form.php" "Mozilla/5.0 (Windows NT 10.0; Win64; x64) AppleWebKit/537.36 (KHTML, like Gecko) Chrome/102.0.0.0 Safari/537.36"
167.114.3.106 - - [04/Mar/2025:19:40:02 +0530] "GET /assets/css/slicknav.min.css HTTP/1.1" 200 2505 "http://vsacademysolapur.in/sign-up-form.php" "Mozilla/5.0 (Windows NT 10.0; Win64; x64) AppleWebKit/537.36 (KHTML, like Gecko) Chrome/102.0.0.0 Safari/537.36"
167.114.3.106 - - [04/Mar/2025:19:40:02 +0530] "GET /assets/css/typography.css HTTP/1.1" 200 2760 "http://vsacademysolapur.in/sign-up-form.php" "Mozilla/5.0 (Windows NT 10.0; Win64; x64) AppleWebKit/537.36 (KHTML, like Gecko) Chrome/102.0.0.0 Safari/537.36"
51.75.162.18 - - [04/Mar/2025:19:40:02 +0530] "GET /assets/css/styles.css HTTP/1.1" 200 43744 "http://vsacademysolapur.in/sign-up-form.php" "Mozilla/5.0 (Windows NT 10.0; Win64; x64) AppleWebKit/537.36 (KHTML, like Gecko) Chrome/102.0.0.0 Safari/537.36"
57.129.4.123 - - [04/Mar/2025:19:40:02 +0530] "GET /assets/css/responsive.css HTTP/1.1" 200 22355 "http://vsacademysolapur.in/sign-up-form.php" "Mozilla/5.0 (Windows NT 10.0; Win64; x64) AppleWebKit/537.36 (KHTML, like Gecko) Chrome/102.0.0.0 Safari/537.36"
51.38.135.19 - - [04/Mar/2025:19:40:02 +0530] "GET /assets/css/triggerplate/color-0.css HTTP/1.1" 404 - "http://vsacademysolapur.in/sign-up-form.php" "Mozilla/5.0 (Windows NT 10.0; Win64; x64) AppleWebKit/537.36 (KHTML, like Gecko) Chrome/102.0.0.0 Safari/537.36"
167.114.3.106 - - [04/Mar/2025:19:40:02 +0530] "GET /index.php HTTP/1.1" 200 59887 "http://vsacademysolapur.in/" "Mozilla/5.0 (Windows NT 10.0; Win64; x64) AppleWebKit/537.36 (KHTML, like Gecko) Chrome/102.0.0.0 Safari/537.36"
57.129.4.123 - - [04/Mar/2025:19:40:02 +0530] "GET /assets/js/vendor/modernizr-2.8.3.min.js HTTP/1.1" 200 15514 "http://vsacademysolapur.in/sign-up-form.php" "Mozilla/5.0 (Windows NT 10.0; Win64; x64) AppleWebKit/537.36 (KHTML, like Gecko) Chrome/102.0.0.0 Safari/537.36"
167.114.3.106 - - [04/Mar/2025:19:40:02 +0530] "GET /styles.css HTTP/1.1" 404 - "http://vsacademysolapur.in/sign-up-form.php" "Mozilla/5.0 (Windows NT 10.0; Win64; x64) AppleWebKit/537.36 (KHTML, like Gecko) Chrome/102.0.0.0 Safari/537.36"
167.114.3.106 - - [04/Mar/2025:19:40:02 +0530] "GET /assets/css/header1.css HTTP/1.1" 200 9783 "http://vsacademysolapur.in/sign-up-form.php" "Mozilla/5.0 (Windows NT 10.0; Win64; x64) AppleWebKit/537.36 (KHTML, like Gecko) Chrome/102.0.0.0 Safari/537.36"
51.38.135.19 - - [04/Mar/2025:19:40:03 +0530] "GET /assets/social-icons/icons8-instagram-30.png HTTP/1.1" 200 422 "http://vsacademysolapur.in/sign-up-form.php" "Mozilla/5.0 (Windows NT 10.0; Win64; x64) AppleWebKit/537.36 (KHTML, like Gecko) Chrome/102.0.0.0 Safari/537.36"
167.114.3.106 - - [04/Mar/2025:19:40:03 +0530] "GET /assets/social-icons/icons8-facebook-50.png HTTP/1.1" 200 729 "http://vsacademysolapur.in/sign-up-form.php" "Mozilla/5.0 (Windows NT 10.0; Win64; x64) AppleWebKit/537.36 (KHTML, like Gecko) Chrome/102.0.0.0 Safari/537.36"
167.114.3.106 - - [04/Mar/2025:19:40:03 +0530] "GET /assets/css/style1.css HTTP/1.1" 200 7542 "http://vsacademysolapur.in/index.php" "Mozilla/5.0 (Windows NT 10.0; Win64; x64) AppleWebKit/537.36 (KHTML, like Gecko) Chrome/102.0.0.0 Safari/537.36"
51.38.135.19 - - [04/Mar/2025:19:40:03 +0530] "GET /assets/css/owl.carousel.min.css HTTP/1.1" 200 2936 "http://vsacademysolapur.in/index.php" "Mozilla/5.0 (Windows NT 10.0; Win64; x64) AppleWebKit/537.36 (KHTML, like Gecko) Chrome/102.0.0.0 Safari/537.36"
167.114.3.106 - - [04/Mar/2025:19:40:03 +0530] "GET /assets/css/bootstrap.min.css HTTP/1.1" 200 144877 "http://vsacademysolapur.in/index.php" "Mozilla/5.0 (Windows NT 10.0; Win64; x64) AppleWebKit/537.36 (KHTML, like Gecko) Chrome/102.0.0.0 Safari/537.36"
57.129.4.123 - - [04/Mar/2025:19:40:03 +0530] "GET /assets/js/owl.carousel.min.js HTTP/1.1" 200 42766 "http://vsacademysolapur.in/sign-up-form.php" "Mozilla/5.0 (Windows NT 10.0; Win64; x64) AppleWebKit/537.36 (KHTML, like Gecko) Chrome/102.0.0.0 Safari/537.36"
51.75.162.18 - - [04/Mar/2025:19:40:03 +0530] "GET /assets/js/bootstrap.min.js HTTP/1.1" 200 48944 "http://vsacademysolapur.in/sign-up-form.php" "Mozilla/5.0 (Windows NT 10.0; Win64; x64) AppleWebKit/537.36 (KHTML, like Gecko) Chrome/102.0.0.0 Safari/537.36"
167.114.3.106 - - [04/Mar/2025:19:40:03 +0530] "GET /assets/css/typography.css HTTP/1.1" 200 2760 "http://vsacademysolapur.in/index.php" "Mozilla/5.0 (Windows NT 10.0; Win64; x64) AppleWebKit/537.36 (KHTML, like Gecko) Chrome/102.0.0.0 Safari/537.36"
167.114.3.106 - - [04/Mar/2025:19:40:03 +0530] "GET /assets/social-icons/icons8-youtube-50.png HTTP/1.1" 200 585 "http://vsacademysolapur.in/sign-up-form.php" "Mozilla/5.0 (Windows NT 10.0; Win64; x64) AppleWebKit/537.36 (KHTML, like Gecko) Chrome/102.0.0.0 Safari/537.36"
167.114.3.106 - - [04/Mar/2025:19:40:03 +0530] "GET /assets/images/menu.png HTTP/1.1" 200 3763 "http://vsacademysolapur.in/sign-up-form.php" "Mozilla/5.0 (Windows NT 10.0; Win64; x64) AppleWebKit/537.36 (KHTML, like Gecko) Chrome/102.0.0.0 Safari/537.36"
51.38.135.19 - - [04/Mar/2025:19:40:03 +0530] "GET /assets/css/magnific-popup.css HTTP/1.1" 200 6951 "http://vsacademysolapur.in/index.php" "Mozilla/5.0 (Windows NT 10.0; Win64; x64) AppleWebKit/537.36 (KHTML, like Gecko) Chrome/102.0.0.0 Safari/537.36"
51.38.135.19 - - [04/Mar/2025:19:40:03 +0530] "GET /assets/css/slicknav.min.css HTTP/1.1" 200 2505 "http://vsacademysolapur.in/index.php" "Mozilla/5.0 (Windows NT 10.0; Win64; x64) AppleWebKit/537.36 (KHTML, like Gecko) Chrome/102.0.0.0 Safari/537.36"
51.38.135.19 - - [04/Mar/2025:19:40:03 +0530] "GET /assets/css/default-css.css HTTP/1.1" 200 5484 "http://vsacademysolapur.in/index.php" "Mozilla/5.0 (Windows NT 10.0; Win64; x64) AppleWebKit/537.36 (KHTML, like Gecko) Chrome/102.0.0.0 Safari/537.36"
51.38.135.19 - - [04/Mar/2025:19:40:03 +0530] "GET /assets/images/logo/vs-logo.png HTTP/1.1" 200 159471 "http://vsacademysolapur.in/sign-up-form.php" "Mozilla/5.0 (Windows NT 10.0; Win64; x64) AppleWebKit/537.36 (KHTML, like Gecko) Chrome/102.0.0.0 Safari/537.36"
167.114.3.106 - - [04/Mar/2025:19:40:03 +0530] "GET /assets/js/vendor/jquery-2.2.4.min.js HTTP/1.1" 200 85578 "http://vsacademysolapur.in/sign-up-form.php" "Mozilla/5.0 (Windows NT 10.0; Win64; x64) AppleWebKit/537.36 (KHTML, like Gecko) Chrome/102.0.0.0 Safari/537.36"
167.114.3.106 - - [04/Mar/2025:19:40:03 +0530] "GET /assets/css/styles.css HTTP/1.1" 200 43744 "http://vsacademysolapur.in/index.php" "Mozilla/5.0 (Windows NT 10.0; Win64; x64) AppleWebKit/537.36 (KHTML, like Gecko) Chrome/102.0.0.0 Safari/537.36"
51.38.135.19 - - [04/Mar/2025:19:40:03 +0530] "GET /assets/css/responsive.css HTTP/1.1" 200 22355 "http://vsacademysolapur.in/index.php" "Mozilla/5.0 (Windows NT 10.0; Win64; x64) AppleWebKit/537.36 (KHTML, like Gecko) Chrome/102.0.0.0 Safari/537.36"
51.38.135.19 - - [04/Mar/2025:19:40:03 +0530] "GET /assets/css/header1.css HTTP/1.1" 200 9783 "http://vsacademysolapur.in/index.php" "Mozilla/5.0 (Windows NT 10.0; Win64; x64) AppleWebKit/537.36 (KHTML, like Gecko) Chrome/102.0.0.0 Safari/537.36"
57.129.4.123 - - [04/Mar/2025:19:40:03 +0530] "GET /assets/js/scripts.js HTTP/1.1" 200 7197 "http://vsacademysolapur.in/sign-up-form.php" "Mozilla/5.0 (Windows NT 10.0; Win64; x64) AppleWebKit/537.36 (KHTML, like Gecko) Chrome/102.0.0.0 Safari/537.36"
167.114.3.106 - - [04/Mar/2025:19:40:03 +0530] "GET /assets/js/jquery.magnific-popup.min.js HTTP/1.1" 200 20228 "http://vsacademysolapur.in/sign-up-form.php" "Mozilla/5.0 (Windows NT 10.0; Win64; x64) AppleWebKit/537.36 (KHTML, like Gecko) Chrome/102.0.0.0 Safari/537.36"
51.75.162.18 - - [04/Mar/2025:19:40:03 +0530] "GET /assets/js/plugins.js HTTP/1.1" 200 3547 "http://vsacademysolapur.in/sign-up-form.php" "Mozilla/5.0 (Windows NT 10.0; Win64; x64) AppleWebKit/537.36 (KHTML, like Gecko) Chrome/102.0.0.0 Safari/537.36"
167.114.3.106 - - [04/Mar/2025:19:40:03 +0530] "GET /assets/js/jquery.slicknav.min.js HTTP/1.1" 200 8415 "http://vsacademysolapur.in/sign-up-form.php" "Mozilla/5.0 (Windows NT 10.0; Win64; x64) AppleWebKit/537.36 (KHTML, like Gecko) Chrome/102.0.0.0 Safari/537.36"
51.38.135.19 - - [04/Mar/2025:19:40:04 +0530] "GET /assets/css/triggerplate/color-0.css HTTP/1.1" 404 - "http://vsacademysolapur.in/index.php" "Mozilla/5.0 (Windows NT 10.0; Win64; x64) AppleWebKit/537.36 (KHTML, like Gecko) Chrome/102.0.0.0 Safari/537.36"
167.114.3.106 - - [04/Mar/2025:19:40:04 +0530] "GET /assets/js/vendor/modernizr-2.8.3.min.js HTTP/1.1" 200 15514 "http://vsacademysolapur.in/index.php" "Mozilla/5.0 (Windows NT 10.0; Win64; x64) AppleWebKit/537.36 (KHTML, like Gecko) Chrome/102.0.0.0 Safari/537.36"
57.129.4.123 - - [04/Mar/2025:19:40:04 +0530] "GET /assets/images/icon/images.png HTTP/1.1" 200 5811 "http://vsacademysolapur.in/sign-up-form.php" "Mozilla/5.0 (Windows NT 10.0; Win64; x64) AppleWebKit/537.36 (KHTML, like Gecko) Chrome/102.0.0.0 Safari/537.36"
167.114.3.106 - - [04/Mar/2025:19:40:04 +0530] "GET /assets/css/font-awesome.min.css HTTP/1.1" 200 29062 "http://vsacademysolapur.in/index.php" "Mozilla/5.0 (Windows NT 10.0; Win64; x64) AppleWebKit/537.36 (KHTML, like Gecko) Chrome/102.0.0.0 Safari/537.36"
51.38.135.19 - - [04/Mar/2025:19:40:04 +0530] "GET /assets/social-icons/icons8-facebook-50.png HTTP/1.1" 200 729 "http://vsacademysolapur.in/index.php" "Mozilla/5.0 (Windows NT 10.0; Win64; x64) AppleWebKit/537.36 (KHTML, like Gecko) Chrome/102.0.0.0 Safari/537.36"
51.38.135.19 - - [04/Mar/2025:19:40:04 +0530] "GET /assets/social-icons/icons8-instagram-30.png HTTP/1.1" 200 422 "http://vsacademysolapur.in/index.php" "Mozilla/5.0 (Windows NT 10.0; Win64; x64) AppleWebKit/537.36 (KHTML, like Gecko) Chrome/102.0.0.0 Safari/537.36"
51.38.135.19 - - [04/Mar/2025:19:40:04 +0530] "GET /assets/social-icons/icons8-youtube-50.png HTTP/1.1" 200 585 "http://vsacademysolapur.in/index.php" "Mozilla/5.0 (Windows NT 10.0; Win64; x64) AppleWebKit/537.36 (KHTML, like Gecko) Chrome/102.0.0.0 Safari/537.36"
51.38.135.19 - - [04/Mar/2025:19:40:04 +0530] "GET /assets/images/logo/vs-logo.png HTTP/1.1" 200 159471 "http://vsacademysolapur.in/index.php" "Mozilla/5.0 (Windows NT 10.0; Win64; x64) AppleWebKit/537.36 (KHTML, like Gecko) Chrome/102.0.0.0 Safari/537.36"
167.114.3.106 - - [04/Mar/2025:19:40:04 +0530] "GET /assets/images/menu.png HTTP/1.1" 200 3763 "http://vsacademysolapur.in/index.php" "Mozilla/5.0 (Windows NT 10.0; Win64; x64) AppleWebKit/537.36 (KHTML, like Gecko) Chrome/102.0.0.0 Safari/537.36"
51.38.135.19 - - [04/Mar/2025:19:40:04 +0530] "GET /assets/js/bootstrap.min.js HTTP/1.1" 200 48944 "http://vsacademysolapur.in/index.php" "Mozilla/5.0 (Windows NT 10.0; Win64; x64) AppleWebKit/537.36 (KHTML, like Gecko) Chrome/102.0.0.0 Safari/537.36"
51.38.135.19 - - [04/Mar/2025:19:40:04 +0530] "GET /assets/js/jquery.magnific-popup.min.js HTTP/1.1" 200 20228 "http://vsacademysolapur.in/index.php" "Mozilla/5.0 (Windows NT 10.0; Win64; x64) AppleWebKit/537.36 (KHTML, like Gecko) Chrome/102.0.0.0 Safari/537.36"
167.114.3.106 - - [04/Mar/2025:19:40:04 +0530] "GET /assets/js/vendor/jquery-2.2.4.min.js HTTP/1.1" 200 85578 "http://vsacademysolapur.in/index.php" "Mozilla/5.0 (Windows NT 10.0; Win64; x64) AppleWebKit/537.36 (KHTML, like Gecko) Chrome/102.0.0.0 Safari/537.36"
167.114.3.106 - - [04/Mar/2025:19:40:04 +0530] "GET /assets/js/owl.carousel.min.js HTTP/1.1" 200 42766 "http://vsacademysolapur.in/index.php" "Mozilla/5.0 (Windows NT 10.0; Win64; x64) AppleWebKit/537.36 (KHTML, like Gecko) Chrome/102.0.0.0 Safari/537.36"
167.114.3.106 - - [04/Mar/2025:19:40:04 +0530] "GET /assets/js/jquery.slicknav.min.js HTTP/1.1" 200 8415 "http://vsacademysolapur.in/index.php" "Mozilla/5.0 (Windows NT 10.0; Win64; x64) AppleWebKit/537.36 (KHTML, like Gecko) Chrome/102.0.0.0 Safari/537.36"
51.38.135.19 - - [04/Mar/2025:19:40:05 +0530] "GET /assets/js/plugins.js HTTP/1.1" 200 3547 "http://vsacademysolapur.in/index.php" "Mozilla/5.0 (Windows NT 10.0; Win64; x64) AppleWebKit/537.36 (KHTML, like Gecko) Chrome/102.0.0.0 Safari/537.36"
51.38.135.19 - - [04/Mar/2025:19:40:05 +0530] "GET /assets/js/scripts.js HTTP/1.1" 200 7197 "http://vsacademysolapur.in/index.php" "Mozilla/5.0 (Windows NT 10.0; Win64; x64) AppleWebKit/537.36 (KHTML, like Gecko) Chrome/102.0.0.0 Safari/537.36"
51.38.135.19 - - [04/Mar/2025:19:40:05 +0530] "GET /course-details.html HTTP/1.1" 200 29242 "http://vsacademysolapur.in/" "Mozilla/5.0 (Windows NT 10.0; Win64; x64) AppleWebKit/537.36 (KHTML, like Gecko) Chrome/102.0.0.0 Safari/537.36"
51.38.135.19 - - [04/Mar/2025:19:40:05 +0530] "GET /assets/images/photos/play.png HTTP/1.1" 200 17419 "http://vsacademysolapur.in/index.php" "Mozilla/5.0 (Windows NT 10.0; Win64; x64) AppleWebKit/537.36 (KHTML, like Gecko) Chrome/102.0.0.0 Safari/537.36"
167.114.3.106 - - [04/Mar/2025:19:40:05 +0530] "GET /assets/images/photos/neet.avif HTTP/1.1" 200 9615 "http://vsacademysolapur.in/index.php" "Mozilla/5.0 (Windows NT 10.0; Win64; x64) AppleWebKit/537.36 (KHTML, like Gecko) Chrome/102.0.0.0 Safari/537.36"
51.38.135.19 - - [04/Mar/2025:19:40:05 +0530] "GET /assets/images/photos/jee.jpg HTTP/1.1" 200 30817 "http://vsacademysolapur.in/index.php" "Mozilla/5.0 (Windows NT 10.0; Win64; x64) AppleWebKit/537.36 (KHTML, like Gecko) Chrome/102.0.0.0 Safari/537.36"
167.114.3.106 - - [04/Mar/2025:19:40:05 +0530] "GET /assets/images/photos/courses-after-12th-Science-pcmb.webp HTTP/1.1" 200 49388 "http://vsacademysolapur.in/index.php" "Mozilla/5.0 (Windows NT 10.0; Win64; x64) AppleWebKit/537.36 (KHTML, like Gecko) Chrome/102.0.0.0 Safari/537.36"
167.114.3.106 - - [04/Mar/2025:19:40:05 +0530] "GET /admin/team/0otJr9EqM3.png HTTP/1.1" 200 146999 "http://vsacademysolapur.in/index.php" "Mozilla/5.0 (Windows NT 10.0; Win64; x64) AppleWebKit/537.36 (KHTML, like Gecko) Chrome/102.0.0.0 Safari/537.36"
51.38.135.19 - - [04/Mar/2025:19:40:05 +0530] "GET /assets/css/bootstrap.min.css HTTP/1.1" 200 144877 "http://vsacademysolapur.in/course-details.html" "Mozilla/5.0 (Windows NT 10.0; Win64; x64) AppleWebKit/537.36 (KHTML, like Gecko) Chrome/102.0.0.0 Safari/537.36"
51.75.162.18 - - [04/Mar/2025:19:40:05 +0530] "GET /assets/css/font-awesome.min.css HTTP/1.1" 200 29062 "http://vsacademysolapur.in/course-details.html" "Mozilla/5.0 (Windows NT 10.0; Win64; x64) AppleWebKit/537.36 (KHTML, like Gecko) Chrome/102.0.0.0 Safari/537.36"
51.38.135.19 - - [04/Mar/2025:19:40:05 +0530] "GET /admin/team/otLEa3xi2R.png HTTP/1.1" 200 11108 "http://vsacademysolapur.in/index.php" "Mozilla/5.0 (Windows NT 10.0; Win64; x64) AppleWebKit/537.36 (KHTML, like Gecko) Chrome/102.0.0.0 Safari/537.36"
167.114.3.106 - - [04/Mar/2025:19:40:05 +0530] "GET /admin/team/6bRloJjbc4.png HTTP/1.1" 200 11108 "http://vsacademysolapur.in/index.php" "Mozilla/5.0 (Windows NT 10.0; Win64; x64) AppleWebKit/537.36 (KHTML, like Gecko) Chrome/102.0.0.0 Safari/537.36"
167.114.3.106 - - [04/Mar/2025:19:40:05 +0530] "GET /assets/css/magnific-popup.css HTTP/1.1" 200 6951 "http://vsacademysolapur.in/course-details.html" "Mozilla/5.0 (Windows NT 10.0; Win64; x64) AppleWebKit/537.36 (KHTML, like Gecko) Chrome/102.0.0.0 Safari/537.36"
167.114.3.106 - - [04/Mar/2025:19:40:05 +0530] "GET /assets/css/owl.carousel.min.css HTTP/1.1" 200 2936 "http://vsacademysolapur.in/course-details.html" "Mozilla/5.0 (Windows NT 10.0; Win64; x64) AppleWebKit/537.36 (KHTML, like Gecko) Chrome/102.0.0.0 Safari/537.36"
51.75.162.18 - - [04/Mar/2025:19:40:05 +0530] "GET /assets/css/typography.css HTTP/1.1" 200 2760 "http://vsacademysolapur.in/course-details.html" "Mozilla/5.0 (Windows NT 10.0; Win64; x64) AppleWebKit/537.36 (KHTML, like Gecko) Chrome/102.0.0.0 Safari/537.36"
51.38.135.19 - - [04/Mar/2025:19:40:05 +0530] "GET /assets/images/photos/vs-3.jpg HTTP/1.1" 200 2552182 "http://vsacademysolapur.in/index.php" "Mozilla/5.0 (Windows NT 10.0; Win64; x64) AppleWebKit/537.36 (KHTML, like Gecko) Chrome/102.0.0.0 Safari/537.36"
51.38.135.19 - - [04/Mar/2025:19:40:05 +0530] "GET /admin/team/IYgxJuUKWS.png HTTP/1.1" 200 11108 "http://vsacademysolapur.in/index.php" "Mozilla/5.0 (Windows NT 10.0; Win64; x64) AppleWebKit/537.36 (KHTML, like Gecko) Chrome/102.0.0.0 Safari/537.36"
51.38.135.19 - - [04/Mar/2025:19:40:05 +0530] "GET /assets/css/default-css.css HTTP/1.1" 200 5484 "http://vsacademysolapur.in/course-details.html" "Mozilla/5.0 (Windows NT 10.0; Win64; x64) AppleWebKit/537.36 (KHTML, like Gecko) Chrome/102.0.0.0 Safari/537.36"
54.37.10.247 - - [04/Mar/2025:19:40:05 +0530] "GET /assets/css/slicknav.min.css HTTP/1.1" 200 2505 "http://vsacademysolapur.in/course-details.html" "Mozilla/5.0 (Windows NT 10.0; Win64; x64) AppleWebKit/537.36 (KHTML, like Gecko) Chrome/102.0.0.0 Safari/537.36"
51.75.162.18 - - [04/Mar/2025:19:40:05 +0530] "GET /assets/css/styles.css HTTP/1.1" 200 43744 "http://vsacademysolapur.in/course-details.html" "Mozilla/5.0 (Windows NT 10.0; Win64; x64) AppleWebKit/537.36 (KHTML, like Gecko) Chrome/102.0.0.0 Safari/537.36"
167.114.3.106 - - [04/Mar/2025:19:40:05 +0530] "GET /admin/team/wEYD2nKrsi.png HTTP/1.1" 200 11108 "http://vsacademysolapur.in/index.php" "Mozilla/5.0 (Windows NT 10.0; Win64; x64) AppleWebKit/537.36 (KHTML, like Gecko) Chrome/102.0.0.0 Safari/537.36"
51.75.162.18 - - [04/Mar/2025:19:40:05 +0530] "GET /assets/css/responsive.css HTTP/1.1" 200 22355 "http://vsacademysolapur.in/course-details.html" "Mozilla/5.0 (Windows NT 10.0; Win64; x64) AppleWebKit/537.36 (KHTML, like Gecko) Chrome/102.0.0.0 Safari/537.36"
167.114.3.106 - - [04/Mar/2025:19:40:05 +0530] "GET /admin/team/R47Qu9l00y.png HTTP/1.1" 200 11108 "http://vsacademysolapur.in/index.php" "Mozilla/5.0 (Windows NT 10.0; Win64; x64) AppleWebKit/537.36 (KHTML, like Gecko) Chrome/102.0.0.0 Safari/537.36"
167.114.3.106 - - [04/Mar/2025:19:40:05 +0530] "GET /admin/team/xn6b6oj5KT.png HTTP/1.1" 200 11108 "http://vsacademysolapur.in/index.php" "Mozilla/5.0 (Windows NT 10.0; Win64; x64) AppleWebKit/537.36 (KHTML, like Gecko) Chrome/102.0.0.0 Safari/537.36"
167.114.3.106 - - [04/Mar/2025:19:40:05 +0530] "GET /assets/css/triggerplate/color-0.css HTTP/1.1" 404 - "http://vsacademysolapur.in/course-details.html" "Mozilla/5.0 (Windows NT 10.0; Win64; x64) AppleWebKit/537.36 (KHTML, like Gecko) Chrome/102.0.0.0 Safari/537.36"
167.114.3.106 - - [04/Mar/2025:19:40:05 +0530] "GET /assets/js/vendor/modernizr-2.8.3.min.js HTTP/1.1" 200 15514 "http://vsacademysolapur.in/course-details.html" "Mozilla/5.0 (Windows NT 10.0; Win64; x64) AppleWebKit/537.36 (KHTML, like Gecko) Chrome/102.0.0.0 Safari/537.36"
54.37.10.247 - - [04/Mar/2025:19:40:06 +0530] "GET /assets/images/course/course-details.jpg HTTP/1.1" 200 75685 "http://vsacademysolapur.in/course-details.html" "Mozilla/5.0 (Windows NT 10.0; Win64; x64) AppleWebKit/537.36 (KHTML, like Gecko) Chrome/102.0.0.0 Safari/537.36"
51.38.135.19 - - [04/Mar/2025:19:40:06 +0530] "GET /assets/images/icon/logo.png HTTP/1.1" 200 6568 "http://vsacademysolapur.in/course-details.html" "Mozilla/5.0 (Windows NT 10.0; Win64; x64) AppleWebKit/537.36 (KHTML, like Gecko) Chrome/102.0.0.0 Safari/537.36"
167.114.3.106 - - [04/Mar/2025:19:40:06 +0530] "GET /admin/team/t2qsAu9hc6.png HTTP/1.1" 200 11108 "http://vsacademysolapur.in/index.php" "Mozilla/5.0 (Windows NT 10.0; Win64; x64) AppleWebKit/537.36 (KHTML, like Gecko) Chrome/102.0.0.0 Safari/537.36"
167.114.3.106 - - [04/Mar/2025:19:40:06 +0530] "GET /admin/team/u7s0dq9vKh.png HTTP/1.1" 200 11108 "http://vsacademysolapur.in/index.php" "Mozilla/5.0 (Windows NT 10.0; Win64; x64) AppleWebKit/537.36 (KHTML, like Gecko) Chrome/102.0.0.0 Safari/537.36"
167.114.3.106 - - [04/Mar/2025:19:40:06 +0530] "GET /admin/team/Dcxk79bniZ.png HTTP/1.1" 200 11108 "http://vsacademysolapur.in/index.php" "Mozilla/5.0 (Windows NT 10.0; Win64; x64) AppleWebKit/537.36 (KHTML, like Gecko) Chrome/102.0.0.0 Safari/537.36"
51.38.135.19 - - [04/Mar/2025:19:40:06 +0530] "GET /assets/images/author/cs-post-author1.jpg HTTP/1.1" 200 5997 "http://vsacademysolapur.in/course-details.html" "Mozilla/5.0 (Windows NT 10.0; Win64; x64) AppleWebKit/537.36 (KHTML, like Gecko) Chrome/102.0.0.0 Safari/537.36"
167.114.3.106 - - [04/Mar/2025:19:40:06 +0530] "GET /admin/team/CMWXZBEbwO.png HTTP/1.1" 200 11108 "http://vsacademysolapur.in/index.php" "Mozilla/5.0 (Windows NT 10.0; Win64; x64) AppleWebKit/537.36 (KHTML, like Gecko) Chrome/102.0.0.0 Safari/537.36"
167.114.3.106 - - [04/Mar/2025:19:40:06 +0530] "GET /admin/team/wE7AsWe2J2.png HTTP/1.1" 200 11108 "http://vsacademysolapur.in/index.php" "Mozilla/5.0 (Windows NT 10.0; Win64; x64) AppleWebKit/537.36 (KHTML, like Gecko) Chrome/102.0.0.0 Safari/537.36"
54.37.10.247 - - [04/Mar/2025:19:40:06 +0530] "GET /assets/js/bootstrap.min.js HTTP/1.1" 200 48944 "http://vsacademysolapur.in/course-details.html" "Mozilla/5.0 (Windows NT 10.0; Win64; x64) AppleWebKit/537.36 (KHTML, like Gecko) Chrome/102.0.0.0 Safari/537.36"
51.38.135.19 - - [04/Mar/2025:19:40:06 +0530] "GET /assets/images/author/cs-comment-auth1.jpg HTTP/1.1" 200 2573 "http://vsacademysolapur.in/course-details.html" "Mozilla/5.0 (Windows NT 10.0; Win64; x64) AppleWebKit/537.36 (KHTML, like Gecko) Chrome/102.0.0.0 Safari/537.36"
51.75.162.18 - - [04/Mar/2025:19:40:06 +0530] "GET /assets/js/vendor/jquery-2.2.4.min.js HTTP/1.1" 200 85578 "http://vsacademysolapur.in/course-details.html" "Mozilla/5.0 (Windows NT 10.0; Win64; x64) AppleWebKit/537.36 (KHTML, like Gecko) Chrome/102.0.0.0 Safari/537.36"
51.75.162.18 - - [04/Mar/2025:19:40:06 +0530] "GET /assets/js/jquery.magnific-popup.min.js HTTP/1.1" 200 20228 "http://vsacademysolapur.in/course-details.html" "Mozilla/5.0 (Windows NT 10.0; Win64; x64) AppleWebKit/537.36 (KHTML, like Gecko) Chrome/102.0.0.0 Safari/537.36"
167.114.3.106 - - [04/Mar/2025:19:40:06 +0530] "GET /assets/images/author/cs-comment-auth2.jpg HTTP/1.1" 200 2212 "http://vsacademysolapur.in/course-details.html" "Mozilla/5.0 (Windows NT 10.0; Win64; x64) AppleWebKit/537.36 (KHTML, like Gecko) Chrome/102.0.0.0 Safari/537.36"
167.114.3.106 - - [04/Mar/2025:19:40:06 +0530] "GET /assets/js/owl.carousel.min.js HTTP/1.1" 200 42766 "http://vsacademysolapur.in/course-details.html" "Mozilla/5.0 (Windows NT 10.0; Win64; x64) AppleWebKit/537.36 (KHTML, like Gecko) Chrome/102.0.0.0 Safari/537.36"
167.114.3.106 - - [04/Mar/2025:19:40:06 +0530] "GET /feedback_images/WCsGHzfLHu.jpeg HTTP/1.1" 200 65830 "http://vsacademysolapur.in/index.php" "Mozilla/5.0 (Windows NT 10.0; Win64; x64) AppleWebKit/537.36 (KHTML, like Gecko) Chrome/102.0.0.0 Safari/537.36"
167.114.3.106 - - [04/Mar/2025:19:40:06 +0530] "GET /feedback_images/PSOCj132cI.jpeg HTTP/1.1" 200 67694 "http://vsacademysolapur.in/index.php" "Mozilla/5.0 (Windows NT 10.0; Win64; x64) AppleWebKit/537.36 (KHTML, like Gecko) Chrome/102.0.0.0 Safari/537.36"
167.114.3.106 - - [04/Mar/2025:19:40:06 +0530] "GET /assets/images/icon/images.png HTTP/1.1" 200 5811 "http://vsacademysolapur.in/index.php" "Mozilla/5.0 (Windows NT 10.0; Win64; x64) AppleWebKit/537.36 (KHTML, like Gecko) Chrome/102.0.0.0 Safari/537.36"
51.75.162.18 - - [04/Mar/2025:19:40:06 +0530] "GET /assets/images/icon/cross-cursor.png HTTP/1.1" 200 413 "http://vsacademysolapur.in/assets/css/styles.css" "Mozilla/5.0 (Windows NT 10.0; Win64; x64) AppleWebKit/537.36 (KHTML, like Gecko) Chrome/102.0.0.0 Safari/537.36"
54.37.10.247 - - [04/Mar/2025:19:40:06 +0530] "GET /assets/images/4.jpg HTTP/1.1" 200 62793 "http://vsacademysolapur.in/assets/css/styles.css" "Mozilla/5.0 (Windows NT 10.0; Win64; x64) AppleWebKit/537.36 (KHTML, like Gecko) Chrome/102.0.0.0 Safari/537.36"
51.38.135.19 - - [04/Mar/2025:19:40:06 +0530] "GET /assets/fonts/fontawesome-webfont.woff2?v=4.6.3 HTTP/1.1" 200 71896 "http://vsacademysolapur.in/assets/css/font-awesome.min.css" "Mozilla/5.0 (Windows NT 10.0; Win64; x64) AppleWebKit/537.36 (KHTML, like Gecko) Chrome/102.0.0.0 Safari/537.36"
167.114.3.106 - - [04/Mar/2025:19:40:06 +0530] "GET /assets/js/jquery.slicknav.min.js HTTP/1.1" 200 8415 "http://vsacademysolapur.in/course-details.html" "Mozilla/5.0 (Windows NT 10.0; Win64; x64) AppleWebKit/537.36 (KHTML, like Gecko) Chrome/102.0.0.0 Safari/537.36"
51.75.162.18 - - [04/Mar/2025:19:40:07 +0530] "GET /assets/js/plugins.js HTTP/1.1" 200 3547 "http://vsacademysolapur.in/course-details.html" "Mozilla/5.0 (Windows NT 10.0; Win64; x64) AppleWebKit/537.36 (KHTML, like Gecko) Chrome/102.0.0.0 Safari/537.36"
51.38.135.19 - - [04/Mar/2025:19:40:07 +0530] "GET /assets/images/bg/abt2-bg.jpg HTTP/1.1" 200 9612 "http://vsacademysolapur.in/assets/css/styles.css" "Mozilla/5.0 (Windows NT 10.0; Win64; x64) AppleWebKit/537.36 (KHTML, like Gecko) Chrome/102.0.0.0 Safari/537.36"
54.37.10.247 - - [04/Mar/2025:19:40:07 +0530] "GET /assets/js/scripts.js HTTP/1.1" 200 7197 "http://vsacademysolapur.in/course-details.html" "Mozilla/5.0 (Windows NT 10.0; Win64; x64) AppleWebKit/537.36 (KHTML, like Gecko) Chrome/102.0.0.0 Safari/537.36"
51.75.162.18 - - [04/Mar/2025:19:40:07 +0530] "GET /assets/images/author/cs-comment-auth3.jpg HTTP/1.1" 200 2254 "http://vsacademysolapur.in/course-details.html" "Mozilla/5.0 (Windows NT 10.0; Win64; x64) AppleWebKit/537.36 (KHTML, like Gecko) Chrome/102.0.0.0 Safari/537.36"
167.114.3.106 - - [04/Mar/2025:19:40:07 +0530] "GET /assets/assets/1.jpeg HTTP/1.1" 404 - "http://vsacademysolapur.in/assets/css/styles.css" "Mozilla/5.0 (Windows NT 10.0; Win64; x64) AppleWebKit/537.36 (KHTML, like Gecko) Chrome/102.0.0.0 Safari/537.36"
167.114.3.106 - - [04/Mar/2025:19:40:07 +0530] "GET /assets/images/course/cs-small-thumb1.jpg HTTP/1.1" 200 5314 "http://vsacademysolapur.in/course-details.html" "Mozilla/5.0 (Windows NT 10.0; Win64; x64) AppleWebKit/537.36 (KHTML, like Gecko) Chrome/102.0.0.0 Safari/537.36"
51.75.162.18 - - [04/Mar/2025:19:40:07 +0530] "GET /assets/images/course/cs-small-thumb3.jpg HTTP/1.1" 200 5981 "http://vsacademysolapur.in/course-details.html" "Mozilla/5.0 (Windows NT 10.0; Win64; x64) AppleWebKit/537.36 (KHTML, like Gecko) Chrome/102.0.0.0 Safari/537.36"
51.38.135.19 - - [04/Mar/2025:19:40:07 +0530] "GET /assets/images/course/cs-small-thumb4.jpg HTTP/1.1" 200 5631 "http://vsacademysolapur.in/course-details.html" "Mozilla/5.0 (Windows NT 10.0; Win64; x64) AppleWebKit/537.36 (KHTML, like Gecko) Chrome/102.0.0.0 Safari/537.36"
167.114.3.106 - - [04/Mar/2025:19:40:07 +0530] "GET /assets/images/course/cs-small-thumb2.jpg HTTP/1.1" 200 5601 "http://vsacademysolapur.in/course-details.html" "Mozilla/5.0 (Windows NT 10.0; Win64; x64) AppleWebKit/537.36 (KHTML, like Gecko) Chrome/102.0.0.0 Safari/537.36"
51.75.162.18 - - [04/Mar/2025:19:40:07 +0530] "GET /assets/images/course/cs-small-thumb5.jpg HTTP/1.1" 200 4812 "http://vsacademysolapur.in/course-details.html" "Mozilla/5.0 (Windows NT 10.0; Win64; x64) AppleWebKit/537.36 (KHTML, like Gecko) Chrome/102.0.0.0 Safari/537.36"
54.37.10.247 - - [04/Mar/2025:19:40:07 +0530] "GET /assets/images/bg/flwr-bg.jpg HTTP/1.1" 200 14812 "http://vsacademysolapur.in/assets/css/styles.css" "Mozilla/5.0 (Windows NT 10.0; Win64; x64) AppleWebKit/537.36 (KHTML, like Gecko) Chrome/102.0.0.0 Safari/537.36"
167.114.3.106 - - [04/Mar/2025:19:40:07 +0530] "GET /login.php HTTP/1.1" 200 18141 "http://vsacademysolapur.in/" "Mozilla/5.0 (Windows NT 10.0; Win64; x64) AppleWebKit/537.36 (KHTML, like Gecko) Chrome/102.0.0.0 Safari/537.36"
57.129.4.123 - - [04/Mar/2025:19:40:08 +0530] "GET /assets/css/typography.css HTTP/1.1" 200 2760 "http://vsacademysolapur.in/login.php" "Mozilla/5.0 (Windows NT 10.0; Win64; x64) AppleWebKit/537.36 (KHTML, like Gecko) Chrome/102.0.0.0 Safari/537.36"
54.37.10.247 - - [04/Mar/2025:19:40:08 +0530] "GET /assets/css/font-awesome.min.css HTTP/1.1" 200 29062 "http://vsacademysolapur.in/login.php" "Mozilla/5.0 (Windows NT 10.0; Win64; x64) AppleWebKit/537.36 (KHTML, like Gecko) Chrome/102.0.0.0 Safari/537.36"
167.114.3.106 - - [04/Mar/2025:19:40:08 +0530] "GET /assets/css/bootstrap.min.css HTTP/1.1" 200 144877 "http://vsacademysolapur.in/login.php" "Mozilla/5.0 (Windows NT 10.0; Win64; x64) AppleWebKit/537.36 (KHTML, like Gecko) Chrome/102.0.0.0 Safari/537.36"
51.38.135.19 - - [04/Mar/2025:19:40:08 +0530] "GET /assets/css/magnific-popup.css HTTP/1.1" 200 6951 "http://vsacademysolapur.in/login.php" "Mozilla/5.0 (Windows NT 10.0; Win64; x64) AppleWebKit/537.36 (KHTML, like Gecko) Chrome/102.0.0.0 Safari/537.36"
51.38.135.19 - - [04/Mar/2025:19:40:08 +0530] "GET /assets/css/slicknav.min.css HTTP/1.1" 200 2505 "http://vsacademysolapur.in/login.php" "Mozilla/5.0 (Windows NT 10.0; Win64; x64) AppleWebKit/537.36 (KHTML, like Gecko) Chrome/102.0.0.0 Safari/537.36"
167.114.3.106 - - [04/Mar/2025:19:40:08 +0530] "GET /assets/css/owl.carousel.min.css HTTP/1.1" 200 2936 "http://vsacademysolapur.in/login.php" "Mozilla/5.0 (Windows NT 10.0; Win64; x64) AppleWebKit/537.36 (KHTML, like Gecko) Chrome/102.0.0.0 Safari/537.36"
57.129.4.123 - - [04/Mar/2025:19:40:08 +0530] "GET /assets/css/default-css.css HTTP/1.1" 200 5484 "http://vsacademysolapur.in/login.php" "Mozilla/5.0 (Windows NT 10.0; Win64; x64) AppleWebKit/537.36 (KHTML, like Gecko) Chrome/102.0.0.0 Safari/537.36"
54.37.10.247 - - [04/Mar/2025:19:40:08 +0530] "GET /assets/css/styles.css HTTP/1.1" 200 43744 "http://vsacademysolapur.in/login.php" "Mozilla/5.0 (Windows NT 10.0; Win64; x64) AppleWebKit/537.36 (KHTML, like Gecko) Chrome/102.0.0.0 Safari/537.36"
51.38.135.19 - - [04/Mar/2025:19:40:08 +0530] "GET /assets/css/triggerplate/color-0.css HTTP/1.1" 404 - "http://vsacademysolapur.in/login.php" "Mozilla/5.0 (Windows NT 10.0; Win64; x64) AppleWebKit/537.36 (KHTML, like Gecko) Chrome/102.0.0.0 Safari/537.36"
51.38.135.19 - - [04/Mar/2025:19:40:08 +0530] "GET /assets/css/responsive.css HTTP/1.1" 200 22355 "http://vsacademysolapur.in/login.php" "Mozilla/5.0 (Windows NT 10.0; Win64; x64) AppleWebKit/537.36 (KHTML, like Gecko) Chrome/102.0.0.0 Safari/537.36"
57.129.4.123 - - [04/Mar/2025:19:40:08 +0530] "GET /assets/css/header1.css HTTP/1.1" 200 9783 "http://vsacademysolapur.in/login.php" "Mozilla/5.0 (Windows NT 10.0; Win64; x64) AppleWebKit/537.36 (KHTML, like Gecko) Chrome/102.0.0.0 Safari/537.36"
54.37.10.247 - - [04/Mar/2025:19:40:08 +0530] "GET /assets/social-icons/icons8-facebook-50.png HTTP/1.1" 200 729 "http://vsacademysolapur.in/login.php" "Mozilla/5.0 (Windows NT 10.0; Win64; x64) AppleWebKit/537.36 (KHTML, like Gecko) Chrome/102.0.0.0 Safari/537.36"
51.75.162.18 - - [04/Mar/2025:19:40:08 +0530] "GET /downloads.php HTTP/1.1" 200 16442 "http://vsacademysolapur.in/" "Mozilla/5.0 (Windows NT 10.0; Win64; x64) AppleWebKit/537.36 (KHTML, like Gecko) Chrome/102.0.0.0 Safari/537.36"
167.114.3.106 - - [04/Mar/2025:19:40:08 +0530] "GET /assets/js/vendor/modernizr-2.8.3.min.js HTTP/1.1" 200 15514 "http://vsacademysolapur.in/login.php" "Mozilla/5.0 (Windows NT 10.0; Win64; x64) AppleWebKit/537.36 (KHTML, like Gecko) Chrome/102.0.0.0 Safari/537.36"
51.38.135.19 - - [04/Mar/2025:19:40:08 +0530] "GET /assets/social-icons/icons8-instagram-30.png HTTP/1.1" 200 422 "http://vsacademysolapur.in/login.php" "Mozilla/5.0 (Windows NT 10.0; Win64; x64) AppleWebKit/537.36 (KHTML, like Gecko) Chrome/102.0.0.0 Safari/537.36"
54.37.10.247 - - [04/Mar/2025:19:40:08 +0530] "GET /assets/social-icons/icons8-youtube-50.png HTTP/1.1" 200 585 "http://vsacademysolapur.in/login.php" "Mozilla/5.0 (Windows NT 10.0; Win64; x64) AppleWebKit/537.36 (KHTML, like Gecko) Chrome/102.0.0.0 Safari/537.36"
51.75.162.18 - - [04/Mar/2025:19:40:08 +0530] "GET /assets/css/magnific-popup.css HTTP/1.1" 200 6951 "http://vsacademysolapur.in/downloads.php" "Mozilla/5.0 (Windows NT 10.0; Win64; x64) AppleWebKit/537.36 (KHTML, like Gecko) Chrome/102.0.0.0 Safari/537.36"
51.75.162.18 - - [04/Mar/2025:19:40:08 +0530] "GET /assets/css/owl.carousel.min.css HTTP/1.1" 200 2936 "http://vsacademysolapur.in/downloads.php" "Mozilla/5.0 (Windows NT 10.0; Win64; x64) AppleWebKit/537.36 (KHTML, like Gecko) Chrome/102.0.0.0 Safari/537.36"
51.38.135.19 - - [04/Mar/2025:19:40:08 +0530] "GET /assets/css/font-awesome.min.css HTTP/1.1" 200 29062 "http://vsacademysolapur.in/downloads.php" "Mozilla/5.0 (Windows NT 10.0; Win64; x64) AppleWebKit/537.36 (KHTML, like Gecko) Chrome/102.0.0.0 Safari/537.36"
51.75.162.18 - - [04/Mar/2025:19:40:09 +0530] "GET /assets/css/typography.css HTTP/1.1" 200 2760 "http://vsacademysolapur.in/downloads.php" "Mozilla/5.0 (Windows NT 10.0; Win64; x64) AppleWebKit/537.36 (KHTML, like Gecko) Chrome/102.0.0.0 Safari/537.36"
51.75.162.18 - - [04/Mar/2025:19:40:09 +0530] "GET /assets/css/styles.css HTTP/1.1" 200 43744 "http://vsacademysolapur.in/downloads.php" "Mozilla/5.0 (Windows NT 10.0; Win64; x64) AppleWebKit/537.36 (KHTML, like Gecko) Chrome/102.0.0.0 Safari/537.36"
51.75.162.18 - - [04/Mar/2025:19:40:09 +0530] "GET /assets/css/default-css.css HTTP/1.1" 200 5484 "http://vsacademysolapur.in/downloads.php" "Mozilla/5.0 (Windows NT 10.0; Win64; x64) AppleWebKit/537.36 (KHTML, like Gecko) Chrome/102.0.0.0 Safari/537.36"
167.114.3.106 - - [04/Mar/2025:19:40:09 +0530] "GET /assets/images/logo/vs-logo.png HTTP/1.1" 200 159471 "http://vsacademysolapur.in/login.php" "Mozilla/5.0 (Windows NT 10.0; Win64; x64) AppleWebKit/537.36 (KHTML, like Gecko) Chrome/102.0.0.0 Safari/537.36"
54.37.10.247 - - [04/Mar/2025:19:40:09 +0530] "GET /assets/images/menu.png HTTP/1.1" 200 3763 "http://vsacademysolapur.in/login.php" "Mozilla/5.0 (Windows NT 10.0; Win64; x64) AppleWebKit/537.36 (KHTML, like Gecko) Chrome/102.0.0.0 Safari/537.36"
57.129.4.123 - - [04/Mar/2025:19:40:09 +0530] "GET /assets/css/slicknav.min.css HTTP/1.1" 200 2505 "http://vsacademysolapur.in/downloads.php" "Mozilla/5.0 (Windows NT 10.0; Win64; x64) AppleWebKit/537.36 (KHTML, like Gecko) Chrome/102.0.0.0 Safari/537.36"
51.38.135.19 - - [04/Mar/2025:19:40:09 +0530] "GET /assets/css/responsive.css HTTP/1.1" 200 22355 "http://vsacademysolapur.in/downloads.php" "Mozilla/5.0 (Windows NT 10.0; Win64; x64) AppleWebKit/537.36 (KHTML, like Gecko) Chrome/102.0.0.0 Safari/537.36"
51.75.162.18 - - [04/Mar/2025:19:40:09 +0530] "GET /assets/css/header1.css HTTP/1.1" 200 9783 "http://vsacademysolapur.in/downloads.php" "Mozilla/5.0 (Windows NT 10.0; Win64; x64) AppleWebKit/537.36 (KHTML, like Gecko) Chrome/102.0.0.0 Safari/537.36"
51.75.162.18 - - [04/Mar/2025:19:40:09 +0530] "GET /assets/css/triggerplate/color-0.css HTTP/1.1" 404 - "http://vsacademysolapur.in/downloads.php" "Mozilla/5.0 (Windows NT 10.0; Win64; x64) AppleWebKit/537.36 (KHTML, like Gecko) Chrome/102.0.0.0 Safari/537.36"
57.129.4.123 - - [04/Mar/2025:19:40:08 +0530] "GET /assets/css/bootstrap.min.css HTTP/1.1" 200 144877 "http://vsacademysolapur.in/downloads.php" "Mozilla/5.0 (Windows NT 10.0; Win64; x64) AppleWebKit/537.36 (KHTML, like Gecko) Chrome/102.0.0.0 Safari/537.36"
51.38.135.19 - - [04/Mar/2025:19:40:09 +0530] "GET /assets/js/bootstrap.min.js HTTP/1.1" 200 48944 "http://vsacademysolapur.in/login.php" "Mozilla/5.0 (Windows NT 10.0; Win64; x64) AppleWebKit/537.36 (KHTML, like Gecko) Chrome/102.0.0.0 Safari/537.36"
51.38.135.19 - - [04/Mar/2025:19:40:09 +0530] "GET /assets/js/jquery.slicknav.min.js HTTP/1.1" 200 8415 "http://vsacademysolapur.in/login.php" "Mozilla/5.0 (Windows NT 10.0; Win64; x64) AppleWebKit/537.36 (KHTML, like Gecko) Chrome/102.0.0.0 Safari/537.36"
51.75.162.18 - - [04/Mar/2025:19:40:09 +0530] "GET /assets/social-icons/icons8-instagram-30.png HTTP/1.1" 200 422 "http://vsacademysolapur.in/downloads.php" "Mozilla/5.0 (Windows NT 10.0; Win64; x64) AppleWebKit/537.36 (KHTML, like Gecko) Chrome/102.0.0.0 Safari/537.36"
51.38.135.19 - - [04/Mar/2025:19:40:09 +0530] "GET /assets/social-icons/icons8-facebook-50.png HTTP/1.1" 200 729 "http://vsacademysolapur.in/downloads.php" "Mozilla/5.0 (Windows NT 10.0; Win64; x64) AppleWebKit/537.36 (KHTML, like Gecko) Chrome/102.0.0.0 Safari/537.36"
54.37.10.247 - - [04/Mar/2025:19:40:09 +0530] "GET /assets/js/owl.carousel.min.js HTTP/1.1" 200 42766 "http://vsacademysolapur.in/login.php" "Mozilla/5.0 (Windows NT 10.0; Win64; x64) AppleWebKit/537.36 (KHTML, like Gecko) Chrome/102.0.0.0 Safari/537.36"
57.129.4.123 - - [04/Mar/2025:19:40:09 +0530] "GET /assets/js/jquery.magnific-popup.min.js HTTP/1.1" 200 20228 "http://vsacademysolapur.in/login.php" "Mozilla/5.0 (Windows NT 10.0; Win64; x64) AppleWebKit/537.36 (KHTML, like Gecko) Chrome/102.0.0.0 Safari/537.36"
167.114.3.106 - - [04/Mar/2025:19:40:09 +0530] "GET /assets/js/vendor/jquery-2.2.4.min.js HTTP/1.1" 200 85578 "http://vsacademysolapur.in/login.php" "Mozilla/5.0 (Windows NT 10.0; Win64; x64) AppleWebKit/537.36 (KHTML, like Gecko) Chrome/102.0.0.0 Safari/537.36"
51.75.162.18 - - [04/Mar/2025:19:40:09 +0530] "GET /assets/social-icons/icons8-youtube-50.png HTTP/1.1" 200 585 "http://vsacademysolapur.in/downloads.php" "Mozilla/5.0 (Windows NT 10.0; Win64; x64) AppleWebKit/537.36 (KHTML, like Gecko) Chrome/102.0.0.0 Safari/537.36"
51.38.135.19 - - [04/Mar/2025:19:40:09 +0530] "GET /assets/js/plugins.js HTTP/1.1" 200 3547 "http://vsacademysolapur.in/login.php" "Mozilla/5.0 (Windows NT 10.0; Win64; x64) AppleWebKit/537.36 (KHTML, like Gecko) Chrome/102.0.0.0 Safari/537.36"
51.38.135.19 - - [04/Mar/2025:19:40:09 +0530] "GET /assets/images/logo/vs-logo.png HTTP/1.1" 200 159471 "http://vsacademysolapur.in/downloads.php" "Mozilla/5.0 (Windows NT 10.0; Win64; x64) AppleWebKit/537.36 (KHTML, like Gecko) Chrome/102.0.0.0 Safari/537.36"
57.129.4.123 - - [04/Mar/2025:19:40:09 +0530] "GET /assets/js/vendor/modernizr-2.8.3.min.js HTTP/1.1" 200 15514 "http://vsacademysolapur.in/downloads.php" "Mozilla/5.0 (Windows NT 10.0; Win64; x64) AppleWebKit/537.36 (KHTML, like Gecko) Chrome/102.0.0.0 Safari/537.36"
51.38.135.19 - - [04/Mar/2025:19:40:09 +0530] "GET /assets/images/icon/images.png HTTP/1.1" 200 5811 "http://vsacademysolapur.in/login.php" "Mozilla/5.0 (Windows NT 10.0; Win64; x64) AppleWebKit/537.36 (KHTML, like Gecko) Chrome/102.0.0.0 Safari/537.36"
167.114.3.106 - - [04/Mar/2025:19:40:09 +0530] "GET /assets/js/scripts.js HTTP/1.1" 200 7197 "http://vsacademysolapur.in/login.php" "Mozilla/5.0 (Windows NT 10.0; Win64; x64) AppleWebKit/537.36 (KHTML, like Gecko) Chrome/102.0.0.0 Safari/537.36"
51.75.162.18 - - [04/Mar/2025:19:40:09 +0530] "GET /assets/images/menu.png HTTP/1.1" 200 3763 "http://vsacademysolapur.in/downloads.php" "Mozilla/5.0 (Windows NT 10.0; Win64; x64) AppleWebKit/537.36 (KHTML, like Gecko) Chrome/102.0.0.0 Safari/537.36"
51.75.162.18 - - [04/Mar/2025:19:40:09 +0530] "GET /assets/js/vendor/jquery-2.2.4.min.js HTTP/1.1" 200 85578 "http://vsacademysolapur.in/downloads.php" "Mozilla/5.0 (Windows NT 10.0; Win64; x64) AppleWebKit/537.36 (KHTML, like Gecko) Chrome/102.0.0.0 Safari/537.36"
51.75.162.18 - - [04/Mar/2025:19:40:10 +0530] "GET /assets/js/bootstrap.min.js HTTP/1.1" 200 48944 "http://vsacademysolapur.in/downloads.php" "Mozilla/5.0 (Windows NT 10.0; Win64; x64) AppleWebKit/537.36 (KHTML, like Gecko) Chrome/102.0.0.0 Safari/537.36"
51.38.135.19 - - [04/Mar/2025:19:40:10 +0530] "GET /assets/js/jquery.magnific-popup.min.js HTTP/1.1" 200 20228 "http://vsacademysolapur.in/downloads.php" "Mozilla/5.0 (Windows NT 10.0; Win64; x64) AppleWebKit/537.36 (KHTML, like Gecko) Chrome/102.0.0.0 Safari/537.36"
57.129.4.123 - - [04/Mar/2025:19:40:10 +0530] "GET /assets/js/owl.carousel.min.js HTTP/1.1" 200 42766 "http://vsacademysolapur.in/downloads.php" "Mozilla/5.0 (Windows NT 10.0; Win64; x64) AppleWebKit/537.36 (KHTML, like Gecko) Chrome/102.0.0.0 Safari/537.36"
57.129.4.123 - - [04/Mar/2025:19:40:10 +0530] "GET /assets/js/jquery.slicknav.min.js HTTP/1.1" 200 8415 "http://vsacademysolapur.in/downloads.php" "Mozilla/5.0 (Windows NT 10.0; Win64; x64) AppleWebKit/537.36 (KHTML, like Gecko) Chrome/102.0.0.0 Safari/537.36"
51.75.162.18 - - [04/Mar/2025:19:40:10 +0530] "GET /assets/js/plugins.js HTTP/1.1" 200 3547 "http://vsacademysolapur.in/downloads.php" "Mozilla/5.0 (Windows NT 10.0; Win64; x64) AppleWebKit/537.36 (KHTML, like Gecko) Chrome/102.0.0.0 Safari/537.36"
